{"id":5534,"date":"2022-06-08T13:21:58","date_gmt":"2022-06-08T17:21:58","guid":{"rendered":"http:\/\/lobster.f\/fsweb\/?page_id=5534"},"modified":"2025-03-03T16:55:25","modified_gmt":"2025-03-03T21:55:25","slug":"services-fr","status":"publish","type":"page","link":"https:\/\/www.flagshipsoftware.com\/fsweb\/fr\/services-fr\/","title":{"rendered":"Services FR"},"content":{"rendered":"\t\t<div data-elementor-type=\"wp-page\" data-elementor-id=\"5534\" class=\"elementor elementor-5534\" data-elementor-post-type=\"page\">\n\t\t\t\t\t\t<section class=\"elementor-section elementor-top-section elementor-element elementor-element-50ff2e32 elementor-section-boxed elementor-section-height-default elementor-section-height-default\" data-id=\"50ff2e32\" data-element_type=\"section\" data-e-type=\"section\" data-settings=\"{&quot;background_background&quot;:&quot;classic&quot;}\">\n\t\t\t\t\t\t\t<div class=\"elementor-background-overlay\"><\/div>\n\t\t\t\t\t\t\t<div class=\"elementor-container elementor-column-gap-default\">\n\t\t\t\t\t<div class=\"elementor-column elementor-col-100 elementor-top-column elementor-element elementor-element-4deb4e8a\" data-id=\"4deb4e8a\" data-element_type=\"column\" data-e-type=\"column\">\n\t\t\t<div class=\"elementor-widget-wrap elementor-element-populated\">\n\t\t\t\t\t\t<div class=\"elementor-element elementor-element-1e61095d elementor-widget elementor-widget-heading\" data-id=\"1e61095d\" data-element_type=\"widget\" data-e-type=\"widget\" data-widget_type=\"heading.default\">\n\t\t\t\t<div class=\"elementor-widget-container\">\n\t\t\t\t\t<h1 class=\"elementor-heading-title elementor-size-default\">Prestations de Services<\/h1>\t\t\t\t<\/div>\n\t\t\t\t<\/div>\n\t\t\t\t\t<\/div>\n\t\t<\/div>\n\t\t\t\t\t<\/div>\n\t\t<\/section>\n\t\t\t\t<section class=\"elementor-section elementor-top-section elementor-element elementor-element-71a408e4 elementor-reverse-mobile elementor-section-boxed elementor-section-height-default elementor-section-height-default\" data-id=\"71a408e4\" data-element_type=\"section\" data-e-type=\"section\">\n\t\t\t\t\t\t<div class=\"elementor-container elementor-column-gap-no\">\n\t\t\t\t\t<div class=\"elementor-column elementor-col-50 elementor-top-column elementor-element elementor-element-4d377e6f\" data-id=\"4d377e6f\" data-element_type=\"column\" data-e-type=\"column\">\n\t\t\t<div class=\"elementor-widget-wrap elementor-element-populated\">\n\t\t\t\t\t\t<div class=\"elementor-element elementor-element-663f44b5 elementor-widget elementor-widget-heading\" data-id=\"663f44b5\" data-element_type=\"widget\" data-e-type=\"widget\" data-widget_type=\"heading.default\">\n\t\t\t\t<div class=\"elementor-widget-container\">\n\t\t\t\t\t<h3 class=\"elementor-heading-title elementor-size-default\">Logiciels et services de gestion d'adresses<\/h3>\t\t\t\t<\/div>\n\t\t\t\t<\/div>\n\t\t\t\t<div class=\"elementor-element elementor-element-11a5e2c5 elementor-widget elementor-widget-text-editor\" data-id=\"11a5e2c5\" data-element_type=\"widget\" data-e-type=\"widget\" data-widget_type=\"text-editor.default\">\n\t\t\t\t<div class=\"elementor-widget-container\">\n\t\t\t\t\t\t\t\t\t<p>Avec les changements rapides de l&#8217;environnement commercial d&#8217;aujourd&#8217;hui, trouver un partenaire informatique qui comprend vos besoins et peut fournir les comp\u00e9tences et les ressources requises est devenu important pour le succ\u00e8s d&#8217;une entreprise. Flagship Software Ltd. fournit des services de conseil professionnels utilisant des technologies de pointe et des strat\u00e9gies de solutions innovantes. Nous fournissons \u00e0 nos clients des solutions efficaces \u00e0 leurs d\u00e9fis commerciaux en d\u00e9terminant l&#8217;ensemble optimal d&#8217;outils et de technologies n\u00e9cessaires pour r\u00e9pondre \u00e0 leurs besoins sp\u00e9cifiques ou de projet.<\/p>\t\t\t\t\t\t\t\t<\/div>\n\t\t\t\t<\/div>\n\t\t\t\t<div class=\"elementor-element elementor-element-4680858a elementor-widget elementor-widget-button\" data-id=\"4680858a\" data-element_type=\"widget\" data-e-type=\"widget\" data-widget_type=\"button.default\">\n\t\t\t\t<div class=\"elementor-widget-container\">\n\t\t\t\t\t\t\t\t\t<div class=\"elementor-button-wrapper\">\n\t\t\t\t\t<a class=\"elementor-button elementor-button-link elementor-size-sm\" href=\"https:\/\/www.flagshipsoftware.com\/fsweb\/services\/address-management-software-and-services\/\">\n\t\t\t\t\t\t<span class=\"elementor-button-content-wrapper\">\n\t\t\t\t\t\t\t\t\t<span class=\"elementor-button-text\">Lire la suite<\/span>\n\t\t\t\t\t<\/span>\n\t\t\t\t\t<\/a>\n\t\t\t\t<\/div>\n\t\t\t\t\t\t\t\t<\/div>\n\t\t\t\t<\/div>\n\t\t\t\t\t<\/div>\n\t\t<\/div>\n\t\t\t\t<div class=\"elementor-column elementor-col-50 elementor-top-column elementor-element elementor-element-6a4aa380\" data-id=\"6a4aa380\" data-element_type=\"column\" data-e-type=\"column\">\n\t\t\t<div class=\"elementor-widget-wrap elementor-element-populated\">\n\t\t\t\t\t\t<div class=\"elementor-element elementor-element-1ee5a29 elementor-widget elementor-widget-image\" data-id=\"1ee5a29\" data-element_type=\"widget\" data-e-type=\"widget\" data-widget_type=\"image.default\">\n\t\t\t\t<div class=\"elementor-widget-container\">\n\t\t\t\t\t\t\t\t\t\t\t\t\t\t\t<img fetchpriority=\"high\" decoding=\"async\" width=\"512\" height=\"512\" src=\"https:\/\/www.flagshipsoftware.com\/fsweb\/wp-content\/uploads\/2025\/03\/noun-contact-6244628-1.png\" class=\"attachment-large size-large wp-image-7801\" alt=\"\" srcset=\"https:\/\/www.flagshipsoftware.com\/fsweb\/wp-content\/uploads\/2025\/03\/noun-contact-6244628-1.png 512w, https:\/\/www.flagshipsoftware.com\/fsweb\/wp-content\/uploads\/2025\/03\/noun-contact-6244628-1-300x300.png 300w, https:\/\/www.flagshipsoftware.com\/fsweb\/wp-content\/uploads\/2025\/03\/noun-contact-6244628-1-150x150.png 150w\" sizes=\"(max-width: 512px) 100vw, 512px\" \/>\t\t\t\t\t\t\t\t\t\t\t\t\t\t\t<\/div>\n\t\t\t\t<\/div>\n\t\t\t\t\t<\/div>\n\t\t<\/div>\n\t\t\t\t\t<\/div>\n\t\t<\/section>\n\t\t\t\t<section class=\"elementor-section elementor-top-section elementor-element elementor-element-3948ec32 elementor-section-boxed elementor-section-height-default elementor-section-height-default\" data-id=\"3948ec32\" data-element_type=\"section\" data-e-type=\"section\">\n\t\t\t\t\t\t<div class=\"elementor-container elementor-column-gap-no\">\n\t\t\t\t\t<div class=\"elementor-column elementor-col-50 elementor-top-column elementor-element elementor-element-1e8ba62\" data-id=\"1e8ba62\" data-element_type=\"column\" data-e-type=\"column\">\n\t\t\t<div class=\"elementor-widget-wrap elementor-element-populated\">\n\t\t\t\t\t\t<div class=\"elementor-element elementor-element-38c42f5d elementor-widget elementor-widget-image\" data-id=\"38c42f5d\" data-element_type=\"widget\" data-e-type=\"widget\" data-widget_type=\"image.default\">\n\t\t\t\t<div class=\"elementor-widget-container\">\n\t\t\t\t\t\t\t\t\t\t\t\t\t\t\t<img decoding=\"async\" width=\"512\" height=\"512\" src=\"https:\/\/www.flagshipsoftware.com\/fsweb\/wp-content\/uploads\/2025\/03\/noun-app-development-7553020-FF824A.png\" class=\"attachment-large size-large wp-image-7802\" alt=\"\" srcset=\"https:\/\/www.flagshipsoftware.com\/fsweb\/wp-content\/uploads\/2025\/03\/noun-app-development-7553020-FF824A.png 512w, https:\/\/www.flagshipsoftware.com\/fsweb\/wp-content\/uploads\/2025\/03\/noun-app-development-7553020-FF824A-300x300.png 300w, https:\/\/www.flagshipsoftware.com\/fsweb\/wp-content\/uploads\/2025\/03\/noun-app-development-7553020-FF824A-150x150.png 150w\" sizes=\"(max-width: 512px) 100vw, 512px\" \/>\t\t\t\t\t\t\t\t\t\t\t\t\t\t\t<\/div>\n\t\t\t\t<\/div>\n\t\t\t\t\t<\/div>\n\t\t<\/div>\n\t\t\t\t<div class=\"elementor-column elementor-col-50 elementor-top-column elementor-element elementor-element-6717e6ce\" data-id=\"6717e6ce\" data-element_type=\"column\" data-e-type=\"column\">\n\t\t\t<div class=\"elementor-widget-wrap elementor-element-populated\">\n\t\t\t\t\t\t<div class=\"elementor-element elementor-element-7ad1030a elementor-widget elementor-widget-heading\" data-id=\"7ad1030a\" data-element_type=\"widget\" data-e-type=\"widget\" data-widget_type=\"heading.default\">\n\t\t\t\t<div class=\"elementor-widget-container\">\n\t\t\t\t\t<h3 class=\"elementor-heading-title elementor-size-default\">D\u00e9veloppement d'applications personnalis\u00e9es<\/h3>\t\t\t\t<\/div>\n\t\t\t\t<\/div>\n\t\t\t\t<div class=\"elementor-element elementor-element-17f6a5e1 elementor-widget elementor-widget-text-editor\" data-id=\"17f6a5e1\" data-element_type=\"widget\" data-e-type=\"widget\" data-widget_type=\"text-editor.default\">\n\t\t\t\t<div class=\"elementor-widget-container\">\n\t\t\t\t\t\t\t\t\t<p>Le d\u00e9veloppement d&#8217;applications personnalis\u00e9es est une option appropri\u00e9e lorsqu&#8217;une entreprise d\u00e9termine que sa fa\u00e7on de faire des affaires est son avantage concurrentiel ou lorsqu&#8217;il manque un maillon vital de sa technologie de l&#8217;information. L&#8217;externalisation du d\u00e9veloppement d&#8217;applications est une strat\u00e9gie cl\u00e9 pour les entreprises dont l&#8217;activit\u00e9 principale n&#8217;est pas le logiciel.<\/p>\t\t\t\t\t\t\t\t<\/div>\n\t\t\t\t<\/div>\n\t\t\t\t<div class=\"elementor-element elementor-element-6fa7fab3 elementor-widget elementor-widget-button\" data-id=\"6fa7fab3\" data-element_type=\"widget\" data-e-type=\"widget\" data-widget_type=\"button.default\">\n\t\t\t\t<div class=\"elementor-widget-container\">\n\t\t\t\t\t\t\t\t\t<div class=\"elementor-button-wrapper\">\n\t\t\t\t\t<a class=\"elementor-button elementor-button-link elementor-size-sm\" href=\"https:\/\/www.flagshipsoftware.com\/fsweb\/services\/custom-application-development\/\">\n\t\t\t\t\t\t<span class=\"elementor-button-content-wrapper\">\n\t\t\t\t\t\t\t\t\t<span class=\"elementor-button-text\">Lire la suite<\/span>\n\t\t\t\t\t<\/span>\n\t\t\t\t\t<\/a>\n\t\t\t\t<\/div>\n\t\t\t\t\t\t\t\t<\/div>\n\t\t\t\t<\/div>\n\t\t\t\t\t<\/div>\n\t\t<\/div>\n\t\t\t\t\t<\/div>\n\t\t<\/section>\n\t\t\t\t<section class=\"elementor-section elementor-top-section elementor-element elementor-element-3c0dd603 elementor-reverse-mobile elementor-section-boxed elementor-section-height-default elementor-section-height-default\" data-id=\"3c0dd603\" data-element_type=\"section\" data-e-type=\"section\">\n\t\t\t\t\t\t<div class=\"elementor-container elementor-column-gap-no\">\n\t\t\t\t\t<div class=\"elementor-column elementor-col-50 elementor-top-column elementor-element elementor-element-4d8614a2\" data-id=\"4d8614a2\" data-element_type=\"column\" data-e-type=\"column\">\n\t\t\t<div class=\"elementor-widget-wrap elementor-element-populated\">\n\t\t\t\t\t\t<div class=\"elementor-element elementor-element-317df219 elementor-widget elementor-widget-heading\" data-id=\"317df219\" data-element_type=\"widget\" data-e-type=\"widget\" data-widget_type=\"heading.default\">\n\t\t\t\t<div class=\"elementor-widget-container\">\n\t\t\t\t\t<h3 class=\"elementor-heading-title elementor-size-default\">Services de conseil en logiciels<\/h3>\t\t\t\t<\/div>\n\t\t\t\t<\/div>\n\t\t\t\t<div class=\"elementor-element elementor-element-1bbbfb18 elementor-widget elementor-widget-text-editor\" data-id=\"1bbbfb18\" data-element_type=\"widget\" data-e-type=\"widget\" data-widget_type=\"text-editor.default\">\n\t\t\t\t<div class=\"elementor-widget-container\">\n\t\t\t\t\t\t\t\t\t<p>Les pressions concurrentielles et les clients sophistiqu\u00e9s obligent les entreprises d&#8217;aujourd&#8217;hui \u00e0 exiger des solutions rentables et rapides pour les processus m\u00e9tier. En r\u00e9ponse \u00e0 ces pressions, il y a eu une \u00e9norme augmentation des applications logicielles packag\u00e9es, offrant des solutions \u00ab\u00a0pr\u00e9par\u00e9es\u00a0\u00bb \u00e0 de nombreux besoins commerciaux d&#8217;une entreprise. Cependant, ces packages bas\u00e9s sur des composants n\u00e9cessitent souvent une personnalisation pour r\u00e9pondre aux besoins des environnements commerciaux en \u00e9volution rapide d&#8217;aujourd&#8217;hui, en particulier ceux li\u00e9s \u00e0 la gestion de la relation client et au commerce \u00e9lectronique. L&#8217;int\u00e9gration de cette nouvelle technologie en interne, de la phase de conception \u00e0 la formation du personnel, entra\u00eene souvent des co\u00fbts \u00e9lev\u00e9s , des projets retard\u00e9s avec moins de fonctionnalit\u00e9s que souhait\u00e9. Trouver un partenaire technologique capable de comprendre et d&#8217;optimiser les impl\u00e9mentations est essentiel dans ces environnements commerciaux mondiaux en \u00e9volution rapide.<\/p>\t\t\t\t\t\t\t\t<\/div>\n\t\t\t\t<\/div>\n\t\t\t\t<div class=\"elementor-element elementor-element-1cab4cca elementor-widget elementor-widget-button\" data-id=\"1cab4cca\" data-element_type=\"widget\" data-e-type=\"widget\" data-widget_type=\"button.default\">\n\t\t\t\t<div class=\"elementor-widget-container\">\n\t\t\t\t\t\t\t\t\t<div class=\"elementor-button-wrapper\">\n\t\t\t\t\t<a class=\"elementor-button elementor-button-link elementor-size-sm\" href=\"https:\/\/www.flagshipsoftware.com\/fsweb\/services\/consulting-implementation-services\/\">\n\t\t\t\t\t\t<span class=\"elementor-button-content-wrapper\">\n\t\t\t\t\t\t\t\t\t<span class=\"elementor-button-text\">Lire la suite<\/span>\n\t\t\t\t\t<\/span>\n\t\t\t\t\t<\/a>\n\t\t\t\t<\/div>\n\t\t\t\t\t\t\t\t<\/div>\n\t\t\t\t<\/div>\n\t\t\t\t\t<\/div>\n\t\t<\/div>\n\t\t\t\t<div class=\"elementor-column elementor-col-50 elementor-top-column elementor-element elementor-element-3f736c32\" data-id=\"3f736c32\" data-element_type=\"column\" data-e-type=\"column\">\n\t\t\t<div class=\"elementor-widget-wrap elementor-element-populated\">\n\t\t\t\t\t\t<div class=\"elementor-element elementor-element-353d43c6 elementor-widget elementor-widget-image\" data-id=\"353d43c6\" data-element_type=\"widget\" data-e-type=\"widget\" data-widget_type=\"image.default\">\n\t\t\t\t<div class=\"elementor-widget-container\">\n\t\t\t\t\t\t\t\t\t\t\t\t\t\t\t<img decoding=\"async\" width=\"512\" height=\"512\" src=\"https:\/\/www.flagshipsoftware.com\/fsweb\/wp-content\/uploads\/2025\/03\/noun-consulting-7294402.png\" class=\"attachment-large size-large wp-image-7803\" alt=\"\" srcset=\"https:\/\/www.flagshipsoftware.com\/fsweb\/wp-content\/uploads\/2025\/03\/noun-consulting-7294402.png 512w, https:\/\/www.flagshipsoftware.com\/fsweb\/wp-content\/uploads\/2025\/03\/noun-consulting-7294402-300x300.png 300w, https:\/\/www.flagshipsoftware.com\/fsweb\/wp-content\/uploads\/2025\/03\/noun-consulting-7294402-150x150.png 150w\" sizes=\"(max-width: 512px) 100vw, 512px\" \/>\t\t\t\t\t\t\t\t\t\t\t\t\t\t\t<\/div>\n\t\t\t\t<\/div>\n\t\t\t\t\t<\/div>\n\t\t<\/div>\n\t\t\t\t\t<\/div>\n\t\t<\/section>\n\t\t\t\t<\/div>\n\t\t","protected":false},"excerpt":{"rendered":"<p>Prestations de Services Logiciels et services de gestion d&#8217;adresses Avec les changements rapides de l&#8217;environnement commercial d&#8217;aujourd&#8217;hui, trouver un partenaire informatique qui comprend vos besoins et peut fournir les comp\u00e9tences et les ressources requises est devenu important pour le succ\u00e8s d&#8217;une entreprise. Flagship Software Ltd. fournit des services de conseil professionnels utilisant des technologies de [&hellip;]<\/p>\n","protected":false},"author":2,"featured_media":0,"parent":0,"menu_order":0,"comment_status":"closed","ping_status":"closed","template":"elementor_header_footer","meta":{"site-sidebar-layout":"no-sidebar","site-content-layout":"page-builder","ast-site-content-layout":"default","site-content-style":"default","site-sidebar-style":"default","ast-global-header-display":"","ast-banner-title-visibility":"","ast-main-header-display":"","ast-hfb-above-header-display":"","ast-hfb-below-header-display":"","ast-hfb-mobile-header-display":"","site-post-title":"disabled","ast-breadcrumbs-content":"","ast-featured-img":"disabled","footer-sml-layout":"","ast-disable-related-posts":"","theme-transparent-header-meta":"","adv-header-id-meta":"","stick-header-meta":"","header-above-stick-meta":"","header-main-stick-meta":"","header-below-stick-meta":"","astra-migrate-meta-layouts":"default","ast-page-background-enabled":"default","ast-page-background-meta":{"desktop":{"background-color":"","background-image":"","background-repeat":"repeat","background-position":"center center","background-size":"auto","background-attachment":"scroll","background-type":"","background-media":"","overlay-type":"","overlay-color":"","overlay-opacity":"","overlay-gradient":""},"tablet":{"background-color":"","background-image":"","background-repeat":"repeat","background-position":"center center","background-size":"auto","background-attachment":"scroll","background-type":"","background-media":"","overlay-type":"","overlay-color":"","overlay-opacity":"","overlay-gradient":""},"mobile":{"background-color":"","background-image":"","background-repeat":"repeat","background-position":"center center","background-size":"auto","background-attachment":"scroll","background-type":"","background-media":"","overlay-type":"","overlay-color":"","overlay-opacity":"","overlay-gradient":""}},"ast-content-background-meta":{"desktop":{"background-color":"var(--ast-global-color-5)","background-image":"","background-repeat":"repeat","background-position":"center center","background-size":"auto","background-attachment":"scroll","background-type":"","background-media":"","overlay-type":"","overlay-color":"","overlay-opacity":"","overlay-gradient":""},"tablet":{"background-color":"var(--ast-global-color-5)","background-image":"","background-repeat":"repeat","background-position":"center center","background-size":"auto","background-attachment":"scroll","background-type":"","background-media":"","overlay-type":"","overlay-color":"","overlay-opacity":"","overlay-gradient":""},"mobile":{"background-color":"var(--ast-global-color-5)","background-image":"","background-repeat":"repeat","background-position":"center center","background-size":"auto","background-attachment":"scroll","background-type":"","background-media":"","overlay-type":"","overlay-color":"","overlay-opacity":"","overlay-gradient":""}},"footnotes":""},"class_list":["post-5534","page","type-page","status-publish","hentry"],"_links":{"self":[{"href":"https:\/\/www.flagshipsoftware.com\/fsweb\/wp-json\/wp\/v2\/pages\/5534","targetHints":{"allow":["GET"]}}],"collection":[{"href":"https:\/\/www.flagshipsoftware.com\/fsweb\/wp-json\/wp\/v2\/pages"}],"about":[{"href":"https:\/\/www.flagshipsoftware.com\/fsweb\/wp-json\/wp\/v2\/types\/page"}],"author":[{"embeddable":true,"href":"https:\/\/www.flagshipsoftware.com\/fsweb\/wp-json\/wp\/v2\/users\/2"}],"replies":[{"embeddable":true,"href":"https:\/\/www.flagshipsoftware.com\/fsweb\/wp-json\/wp\/v2\/comments?post=5534"}],"version-history":[{"count":7,"href":"https:\/\/www.flagshipsoftware.com\/fsweb\/wp-json\/wp\/v2\/pages\/5534\/revisions"}],"predecessor-version":[{"id":7809,"href":"https:\/\/www.flagshipsoftware.com\/fsweb\/wp-json\/wp\/v2\/pages\/5534\/revisions\/7809"}],"wp:attachment":[{"href":"https:\/\/www.flagshipsoftware.com\/fsweb\/wp-json\/wp\/v2\/media?parent=5534"}],"curies":[{"name":"wp","href":"https:\/\/api.w.org\/{rel}","templated":true}]}}