{"id":5559,"date":"2022-06-08T14:30:12","date_gmt":"2022-06-08T18:30:12","guid":{"rendered":"http:\/\/lobster.f\/fsweb\/?page_id=5559"},"modified":"2025-03-03T17:02:24","modified_gmt":"2025-03-03T22:02:24","slug":"consulting-implementation-services-fr","status":"publish","type":"page","link":"https:\/\/www.flagshipsoftware.com\/fsweb\/fr\/services-fr\/consulting-implementation-services-fr\/","title":{"rendered":"Consulting &#038; Implementation Services\u00a0FR"},"content":{"rendered":"\t\t<div data-elementor-type=\"wp-page\" data-elementor-id=\"5559\" class=\"elementor elementor-5559\" data-elementor-post-type=\"page\">\n\t\t\t\t\t\t<section class=\"elementor-section elementor-top-section elementor-element elementor-element-310adb99 elementor-section-boxed elementor-section-height-default elementor-section-height-default\" data-id=\"310adb99\" data-element_type=\"section\" data-e-type=\"section\" data-settings=\"{&quot;background_background&quot;:&quot;classic&quot;}\">\n\t\t\t\t\t\t\t<div class=\"elementor-background-overlay\"><\/div>\n\t\t\t\t\t\t\t<div class=\"elementor-container elementor-column-gap-default\">\n\t\t\t\t\t<div class=\"elementor-column elementor-col-100 elementor-top-column elementor-element elementor-element-b4c4e18\" data-id=\"b4c4e18\" data-element_type=\"column\" data-e-type=\"column\">\n\t\t\t<div class=\"elementor-widget-wrap elementor-element-populated\">\n\t\t\t\t\t\t<div class=\"elementor-element elementor-element-16258877 elementor-widget elementor-widget-heading\" data-id=\"16258877\" data-element_type=\"widget\" data-e-type=\"widget\" data-widget_type=\"heading.default\">\n\t\t\t\t<div class=\"elementor-widget-container\">\n\t\t\t\t\t<h1 class=\"elementor-heading-title elementor-size-default\">Services de conseil et de mise en \u0153uvre<\/h1>\t\t\t\t<\/div>\n\t\t\t\t<\/div>\n\t\t\t\t\t<\/div>\n\t\t<\/div>\n\t\t\t\t\t<\/div>\n\t\t<\/section>\n\t\t\t\t<section class=\"elementor-section elementor-top-section elementor-element elementor-element-243c8f3d elementor-section-boxed elementor-section-height-default elementor-section-height-default\" data-id=\"243c8f3d\" data-element_type=\"section\" data-e-type=\"section\">\n\t\t\t\t\t\t<div class=\"elementor-container elementor-column-gap-default\">\n\t\t\t\t\t<div class=\"elementor-column elementor-col-100 elementor-top-column elementor-element elementor-element-4fcd0c4e\" data-id=\"4fcd0c4e\" data-element_type=\"column\" data-e-type=\"column\">\n\t\t\t<div class=\"elementor-widget-wrap elementor-element-populated\">\n\t\t\t\t\t\t<div class=\"elementor-element elementor-element-bcf9502 elementor-widget elementor-widget-spacer\" data-id=\"bcf9502\" data-element_type=\"widget\" data-e-type=\"widget\" data-widget_type=\"spacer.default\">\n\t\t\t\t<div class=\"elementor-widget-container\">\n\t\t\t\t\t\t\t<div class=\"elementor-spacer\">\n\t\t\t<div class=\"elementor-spacer-inner\"><\/div>\n\t\t<\/div>\n\t\t\t\t\t\t<\/div>\n\t\t\t\t<\/div>\n\t\t\t\t<div class=\"elementor-element elementor-element-cd89e87 elementor-widget elementor-widget-text-editor\" data-id=\"cd89e87\" data-element_type=\"widget\" data-e-type=\"widget\" data-widget_type=\"text-editor.default\">\n\t\t\t\t<div class=\"elementor-widget-container\">\n\t\t\t\t\t\t\t\t\t<p>Les pressions concurrentielles et les clients sophistiqu\u00e9s obligent les entreprises d&#8217;aujourd&#8217;hui \u00e0 exiger des solutions rentables et rapides pour les processus m\u00e9tier. En r\u00e9ponse \u00e0 ces pressions, il y a eu une \u00e9norme augmentation des applications logicielles packag\u00e9es, offrant des solutions \u00ab\u00a0pr\u00e9par\u00e9es\u00a0\u00bb \u00e0 de nombreux besoins commerciaux d&#8217;une entreprise. Cependant, ces packages bas\u00e9s sur des composants n\u00e9cessitent souvent une personnalisation pour r\u00e9pondre aux besoins des environnements commerciaux en \u00e9volution rapide d&#8217;aujourd&#8217;hui, en particulier ceux li\u00e9s \u00e0 la gestion de la relation client et au commerce \u00e9lectronique. L&#8217;int\u00e9gration de cette nouvelle technologie en interne, de la phase de conception \u00e0 la formation du personnel, entra\u00eene souvent des co\u00fbts \u00e9lev\u00e9s , des projets retard\u00e9s avec moins de fonctionnalit\u00e9s que souhait\u00e9. Trouver un partenaire technologique capable de comprendre et d&#8217;optimiser les impl\u00e9mentations est essentiel dans ces environnements commerciaux mondiaux en \u00e9volution rapide.<\/p><p>Les services de mise en \u0153uvre de Flagship Software Ltd. fournissent la solution aux probl\u00e8mes d&#8217;int\u00e9gration. Notre personnel hautement qualifi\u00e9 d&#8217;experts fournit l&#8217;expertise de d\u00e9veloppement tandis que le client fournit l&#8217;expertise commerciale cl\u00e9. Notre mission est de fournir \u00e0 nos clients des solutions commerciales durables utilisant des technologies de classe mondiale. Nous concevons, d\u00e9veloppons et mettons en \u0153uvre des solutions significatives et productives pour leurs besoins commerciaux.<\/p><p>En consultation avec le client, Flagship Software Ltd. s\u00e9lectionne des technologies pour leur efficacit\u00e9 et leur fiabilit\u00e9, permettant aux clients d&#8217;exploiter les technologies de commerce \u00e9lectronique en \u00e9volution rapide pour cr\u00e9er des voies imm\u00e9diates, s\u00e9curis\u00e9es et en temps r\u00e9el entre les clients et les partenaires commerciaux. Nos solutions sont con\u00e7ues pour s&#8217;int\u00e9grer de mani\u00e8re transparente dans l&#8217;architecture existante de nos clients. Nous mettons \u00e0 l&#8217;\u00e9chelle, ajustons et mettons en \u0153uvre des solutions soigneusement contr\u00f4l\u00e9es dans des \u00e9tapes rentables et g\u00e9rables afin que nos clients soient en mesure d&#8217;obtenir des solutions vraiment r\u00e9ussies, adapt\u00e9es de mani\u00e8re unique \u00e0 leurs besoins commerciaux.<\/p><p>Notre exp\u00e9rience des applications m\u00e9tier couvre un certain nombre d&#8217;industries et nous avons livr\u00e9 avec succ\u00e8s des applications utilisant une vari\u00e9t\u00e9 d&#8217;outils et de techniques, y compris le prototypage et la conception orient\u00e9e objet. Les services de mise en \u0153uvre de Flagship Software comprennent\u00a0:<\/p><ul><li>S\u00e9lection, personnalisation et mise en \u0153uvre des packages ;<\/li><li>Conception d&#8217;applications<\/li><li>D\u00e9veloppement et mise en \u0153uvre de syst\u00e8mes ;<\/li><li>Strat\u00e9gies d&#8217;int\u00e9gration, de conversion et d&#8217;interface ; et<\/li><li>Gestion de projet.<\/li><\/ul><p>Si votre entreprise a besoin d&#8217;une assistance pour la mise en \u0153uvre, l&#8217;int\u00e9gration et\/ou la maintenance d&#8217;une solution logicielle compl\u00e8te, nous serions ravis de discuter avec vous de nos services de mise en \u0153uvre. Laissez notre personnel hautement qualifi\u00e9 et exp\u00e9riment\u00e9 fournir une solution \u00e0 vos besoins en mati\u00e8re de CRM et de commerce \u00e9lectronique.<\/p><p id=\"main_content\"><span style=\"color: #000000;\">.<\/span><\/p>\t\t\t\t\t\t\t\t<\/div>\n\t\t\t\t<\/div>\n\t\t\t\t\t<\/div>\n\t\t<\/div>\n\t\t\t\t\t<\/div>\n\t\t<\/section>\n\t\t\t\t<\/div>\n\t\t","protected":false},"excerpt":{"rendered":"<p>Services de conseil et de mise en \u0153uvre Les pressions concurrentielles et les clients sophistiqu\u00e9s obligent les entreprises d&#8217;aujourd&#8217;hui \u00e0 exiger des solutions rentables et rapides pour les processus m\u00e9tier. En r\u00e9ponse \u00e0 ces pressions, il y a eu une \u00e9norme augmentation des applications logicielles packag\u00e9es, offrant des solutions \u00ab\u00a0pr\u00e9par\u00e9es\u00a0\u00bb \u00e0 de nombreux besoins commerciaux [&hellip;]<\/p>\n","protected":false},"author":2,"featured_media":0,"parent":5534,"menu_order":0,"comment_status":"closed","ping_status":"closed","template":"elementor_header_footer","meta":{"site-sidebar-layout":"no-sidebar","site-content-layout":"page-builder","ast-site-content-layout":"default","site-content-style":"default","site-sidebar-style":"default","ast-global-header-display":"","ast-banner-title-visibility":"","ast-main-header-display":"","ast-hfb-above-header-display":"","ast-hfb-below-header-display":"","ast-hfb-mobile-header-display":"","site-post-title":"disabled","ast-breadcrumbs-content":"","ast-featured-img":"disabled","footer-sml-layout":"","ast-disable-related-posts":"","theme-transparent-header-meta":"","adv-header-id-meta":"","stick-header-meta":"","header-above-stick-meta":"","header-main-stick-meta":"","header-below-stick-meta":"","astra-migrate-meta-layouts":"default","ast-page-background-enabled":"default","ast-page-background-meta":{"desktop":{"background-color":"","background-image":"","background-repeat":"repeat","background-position":"center center","background-size":"auto","background-attachment":"scroll","background-type":"","background-media":"","overlay-type":"","overlay-color":"","overlay-opacity":"","overlay-gradient":""},"tablet":{"background-color":"","background-image":"","background-repeat":"repeat","background-position":"center center","background-size":"auto","background-attachment":"scroll","background-type":"","background-media":"","overlay-type":"","overlay-color":"","overlay-opacity":"","overlay-gradient":""},"mobile":{"background-color":"","background-image":"","background-repeat":"repeat","background-position":"center center","background-size":"auto","background-attachment":"scroll","background-type":"","background-media":"","overlay-type":"","overlay-color":"","overlay-opacity":"","overlay-gradient":""}},"ast-content-background-meta":{"desktop":{"background-color":"var(--ast-global-color-5)","background-image":"","background-repeat":"repeat","background-position":"center center","background-size":"auto","background-attachment":"scroll","background-type":"","background-media":"","overlay-type":"","overlay-color":"","overlay-opacity":"","overlay-gradient":""},"tablet":{"background-color":"var(--ast-global-color-5)","background-image":"","background-repeat":"repeat","background-position":"center center","background-size":"auto","background-attachment":"scroll","background-type":"","background-media":"","overlay-type":"","overlay-color":"","overlay-opacity":"","overlay-gradient":""},"mobile":{"background-color":"var(--ast-global-color-5)","background-image":"","background-repeat":"repeat","background-position":"center center","background-size":"auto","background-attachment":"scroll","background-type":"","background-media":"","overlay-type":"","overlay-color":"","overlay-opacity":"","overlay-gradient":""}},"footnotes":""},"class_list":["post-5559","page","type-page","status-publish","hentry"],"_links":{"self":[{"href":"https:\/\/www.flagshipsoftware.com\/fsweb\/wp-json\/wp\/v2\/pages\/5559","targetHints":{"allow":["GET"]}}],"collection":[{"href":"https:\/\/www.flagshipsoftware.com\/fsweb\/wp-json\/wp\/v2\/pages"}],"about":[{"href":"https:\/\/www.flagshipsoftware.com\/fsweb\/wp-json\/wp\/v2\/types\/page"}],"author":[{"embeddable":true,"href":"https:\/\/www.flagshipsoftware.com\/fsweb\/wp-json\/wp\/v2\/users\/2"}],"replies":[{"embeddable":true,"href":"https:\/\/www.flagshipsoftware.com\/fsweb\/wp-json\/wp\/v2\/comments?post=5559"}],"version-history":[{"count":7,"href":"https:\/\/www.flagshipsoftware.com\/fsweb\/wp-json\/wp\/v2\/pages\/5559\/revisions"}],"predecessor-version":[{"id":7815,"href":"https:\/\/www.flagshipsoftware.com\/fsweb\/wp-json\/wp\/v2\/pages\/5559\/revisions\/7815"}],"up":[{"embeddable":true,"href":"https:\/\/www.flagshipsoftware.com\/fsweb\/wp-json\/wp\/v2\/pages\/5534"}],"wp:attachment":[{"href":"https:\/\/www.flagshipsoftware.com\/fsweb\/wp-json\/wp\/v2\/media?parent=5559"}],"curies":[{"name":"wp","href":"https:\/\/api.w.org\/{rel}","templated":true}]}}