{"id":5607,"date":"2022-06-09T13:02:40","date_gmt":"2022-06-09T17:02:40","guid":{"rendered":"http:\/\/lobster.f\/fsweb\/?page_id=5607"},"modified":"2022-06-09T13:10:48","modified_gmt":"2022-06-09T17:10:48","slug":"address-look-up-fr","status":"publish","type":"page","link":"https:\/\/www.flagshipsoftware.com\/fsweb\/fr\/address-look-up-fr\/","title":{"rendered":"Address Look-up FR"},"content":{"rendered":"\t\t<div data-elementor-type=\"wp-page\" data-elementor-id=\"5607\" class=\"elementor elementor-5607\" data-elementor-post-type=\"page\">\n\t\t\t\t\t\t<section class=\"elementor-section elementor-top-section elementor-element elementor-element-7aff745 elementor-section-full_width elementor-section-height-default elementor-section-height-default\" data-id=\"7aff745\" data-element_type=\"section\" data-e-type=\"section\" data-settings=\"{&quot;shape_divider_top&quot;:&quot;opacity-fan&quot;}\">\n\t\t\t\t\t<div class=\"elementor-shape elementor-shape-top\" aria-hidden=\"true\" data-negative=\"false\">\n\t\t\t<svg xmlns=\"http:\/\/www.w3.org\/2000\/svg\" viewBox=\"0 0 283.5 19.6\" preserveAspectRatio=\"none\">\n\t<path class=\"elementor-shape-fill\" style=\"opacity:0.33\" d=\"M0 0L0 18.8 141.8 4.1 283.5 18.8 283.5 0z\"\/>\n\t<path class=\"elementor-shape-fill\" style=\"opacity:0.33\" d=\"M0 0L0 12.6 141.8 4 283.5 12.6 283.5 0z\"\/>\n\t<path class=\"elementor-shape-fill\" style=\"opacity:0.33\" d=\"M0 0L0 6.4 141.8 4 283.5 6.4 283.5 0z\"\/>\n\t<path class=\"elementor-shape-fill\" d=\"M0 0L0 1.2 141.8 4 283.5 1.2 283.5 0z\"\/>\n<\/svg>\t\t<\/div>\n\t\t\t\t\t<div class=\"elementor-container elementor-column-gap-default\">\n\t\t\t\t\t<div class=\"elementor-column elementor-col-100 elementor-top-column elementor-element elementor-element-cf6f977\" data-id=\"cf6f977\" data-element_type=\"column\" data-e-type=\"column\">\n\t\t\t<div class=\"elementor-widget-wrap elementor-element-populated\">\n\t\t\t\t\t\t<div class=\"elementor-element elementor-element-94bf0fa elementor-widget elementor-widget-spacer\" data-id=\"94bf0fa\" data-element_type=\"widget\" data-e-type=\"widget\" data-widget_type=\"spacer.default\">\n\t\t\t\t<div class=\"elementor-widget-container\">\n\t\t\t\t\t\t\t<div class=\"elementor-spacer\">\n\t\t\t<div class=\"elementor-spacer-inner\"><\/div>\n\t\t<\/div>\n\t\t\t\t\t\t<\/div>\n\t\t\t\t<\/div>\n\t\t\t\t<div class=\"elementor-element elementor-element-e32a59d elementor-widget elementor-widget-heading\" data-id=\"e32a59d\" data-element_type=\"widget\" data-e-type=\"widget\" data-widget_type=\"heading.default\">\n\t\t\t\t<div class=\"elementor-widget-container\">\n\t\t\t\t\t<h1 class=\"elementor-heading-title elementor-size-default\">Recherche d'adresse<\/h1>\t\t\t\t<\/div>\n\t\t\t\t<\/div>\n\t\t\t\t<div class=\"elementor-element elementor-element-e101117 elementor-widget elementor-widget-spacer\" data-id=\"e101117\" data-element_type=\"widget\" data-e-type=\"widget\" data-widget_type=\"spacer.default\">\n\t\t\t\t<div class=\"elementor-widget-container\">\n\t\t\t\t\t\t\t<div class=\"elementor-spacer\">\n\t\t\t<div class=\"elementor-spacer-inner\"><\/div>\n\t\t<\/div>\n\t\t\t\t\t\t<\/div>\n\t\t\t\t<\/div>\n\t\t\t\t\t<\/div>\n\t\t<\/div>\n\t\t\t\t\t<\/div>\n\t\t<\/section>\n\t\t\t\t<section class=\"elementor-section elementor-top-section elementor-element elementor-element-98adda5 elementor-section-boxed elementor-section-height-default elementor-section-height-default\" data-id=\"98adda5\" data-element_type=\"section\" data-e-type=\"section\">\n\t\t\t\t\t\t<div class=\"elementor-container elementor-column-gap-default\">\n\t\t\t\t\t<div class=\"elementor-column elementor-col-50 elementor-top-column elementor-element elementor-element-fd408d5\" data-id=\"fd408d5\" data-element_type=\"column\" data-e-type=\"column\">\n\t\t\t<div class=\"elementor-widget-wrap elementor-element-populated\">\n\t\t\t\t\t\t<div class=\"elementor-element elementor-element-71e0f56 elementor-widget elementor-widget-text-editor\" data-id=\"71e0f56\" data-element_type=\"widget\" data-e-type=\"widget\" data-widget_type=\"text-editor.default\">\n\t\t\t\t<div class=\"elementor-widget-container\">\n\t\t\t\t\t\t\t\t\t<p>Il n&#8217;est pas n\u00e9cessaire qu&#8217;un travail soit charg\u00e9 pour utiliser l&#8217;\u00e9cran de recherche.<\/p><p>Tapez autant d&#8217;informations que vous avez dans les champs de recherche rapide. Cliquez sur Corriger l&#8217;adresse. Si vous avez fourni suffisamment d&#8217;informations, l&#8217;adresse sera corrig\u00e9e.<br \/>Vous pouvez \u00e9galement utiliser les boutons \u00ab Search Street Name \u00bb (Canada seulement) ou \u00ab Search Postal\/Zip \u00bb pour afficher une plage d&#8217;adresses au-dessus des champs de recherche rapide.<br \/>Pour ajouter un nouvel enregistrement \u00e0 votre base de donn\u00e9es, cliquez sur le bouton radio intitul\u00e9 Ajouter un enregistrement. Une fois que vous avez saisi les informations dans les champs d&#8217;adresse et de nom (s&#8217;ils sont affich\u00e9s), cliquez sur Adresse Enregistrer.<\/p><p>Utilisation de la fonction d&#8217;exploration vers le bas<\/p><p>Vous pouvez localiser des adresses \u00e0 l&#8217;aide d&#8217;une fonction d&#8217;exploration vers le bas incluse dans la section Rechercher de l&#8217;\u00e9cran de recherche. Utilisez le menu d\u00e9roulant pour s\u00e9lectionner la province ou l&#8217;\u00e9tat appropri\u00e9. Toutes les villes de cette province ou de cet \u00e9tat seront alors r\u00e9pertori\u00e9es. Vous pouvez faire d\u00e9filer la liste ou taper dans le champ &#8220;Ville&#8221;. Une fois que vous avez entr\u00e9 la ville, cliquez sur &#8220;S\u00e9lectionner&#8221;.<\/p><p>Vous pouvez maintenant trouver l&#8217;adresse par type de rue, ainsi que des informations suppl\u00e9mentaires sur l&#8217;adresse.<\/p><p>Pour trouver l&#8217;adresse par nom de rue, cliquez sur l&#8217;onglet &#8220;Rues&#8221;. S\u00e9lectionnez le nom de rue appropri\u00e9 et cliquez sur &#8220;Rechercher&#8221;. Les plages seront affich\u00e9es au-dessus de l&#8217;onglet.<\/p><p>Vous pouvez afficher ou rechercher des adresses de livraison g\u00e9n\u00e9rale, des bo\u00eetes postales ou des routes rurales dans l&#8217;onglet &#8220;GD\/RR\/PO Boxes&#8221;<br \/>Les noms alternatifs pour les rues de la ville sont r\u00e9pertori\u00e9s sous l&#8217;onglet &#8220;Rues alternatives&#8221;<br \/>(Canada uniquement)\u00a0Les destinataires de gros volumes et leurs codes postauxMO\u00a0sont affich\u00e9s dans l&#8217;onglet &#8220;LVR&#8221;<br \/>(Canada uniquement)\u00a0Les noms de ville alternatifs sont affich\u00e9s dans l&#8217;onglet &#8220;Villes alternatives&#8221;. Certains noms alternatifs ne sont pas reconnus par Postes Canada mais peuvent \u00eatre utilis\u00e9s localement<\/p><p>Recherche \u00e0 partir de la base de donn\u00e9es de vue<\/p><p>Si vous avez s\u00e9lectionn\u00e9 une adresse \u00e0 partir de l&#8217;\u00e9cran Afficher la base de donn\u00e9es, \u00e0 l&#8217;aide du bouton Rechercher, votre adresse sera saisie automatiquement dans la recherche rapide. Vous pouvez ensuite utiliser les options d\u00e9crites ci-dessus pour corriger votre adresse.<\/p><p>L&#8217;option de recherche automatique trouvera automatiquement l&#8217;adresse saisie dans l&#8217;\u00e9cran de recherche. Cela peut faciliter la recherche d&#8217;adresses en \u00e9vitant de ressaisir des donn\u00e9es. D\u00e9cochez cette case si vous ne voulez pas que la fonction de recherche automatique soit activ\u00e9e.<\/p><p>Important!<\/p><p>Si vous avez recherch\u00e9 une adresse \u00e0 partir de l&#8217;\u00e9cran Afficher la base de donn\u00e9es, le bouton &#8220;Enregistrer l&#8217;adresse&#8221; appara\u00eetra. Si vous corrigez votre adresse et cliquez sur ce bouton, la base de donn\u00e9es et le rapport de validation seront automatiquement mis \u00e0 jour.<\/p>\t\t\t\t\t\t\t\t<\/div>\n\t\t\t\t<\/div>\n\t\t\t\t\t<\/div>\n\t\t<\/div>\n\t\t\t\t<div class=\"elementor-column elementor-col-50 elementor-top-column elementor-element elementor-element-98f90df\" data-id=\"98f90df\" data-element_type=\"column\" data-e-type=\"column\">\n\t\t\t<div class=\"elementor-widget-wrap elementor-element-populated\">\n\t\t\t\t\t\t<div class=\"elementor-element elementor-element-15b0b9f elementor-widget elementor-widget-image\" data-id=\"15b0b9f\" data-element_type=\"widget\" data-e-type=\"widget\" data-widget_type=\"image.default\">\n\t\t\t\t<div class=\"elementor-widget-container\">\n\t\t\t\t\t\t\t\t\t\t\t\t\t\t\t<img fetchpriority=\"high\" decoding=\"async\" width=\"768\" height=\"356\" src=\"https:\/\/www.flagshipsoftware.com\/fsweb\/wp-content\/uploads\/2022\/06\/Address-Lookup.FR_.1.png\" class=\"attachment-medium_large size-medium_large wp-image-5609\" alt=\"\" \/>\t\t\t\t\t\t\t\t\t\t\t\t\t\t\t<\/div>\n\t\t\t\t<\/div>\n\t\t\t\t<div class=\"elementor-element elementor-element-7a5c43b elementor-widget elementor-widget-image\" data-id=\"7a5c43b\" data-element_type=\"widget\" data-e-type=\"widget\" data-widget_type=\"image.default\">\n\t\t\t\t<div class=\"elementor-widget-container\">\n\t\t\t\t\t\t\t\t\t\t\t\t\t\t\t<img decoding=\"async\" width=\"1024\" height=\"506\" src=\"https:\/\/www.flagshipsoftware.com\/fsweb\/wp-content\/uploads\/2022\/06\/Address-Lookup.FR_.2.png\" class=\"attachment-large size-large wp-image-5610\" alt=\"\" \/>\t\t\t\t\t\t\t\t\t\t\t\t\t\t\t<\/div>\n\t\t\t\t<\/div>\n\t\t\t\t<div class=\"elementor-element elementor-element-e567381 elementor-widget elementor-widget-image\" data-id=\"e567381\" data-element_type=\"widget\" data-e-type=\"widget\" data-widget_type=\"image.default\">\n\t\t\t\t<div class=\"elementor-widget-container\">\n\t\t\t\t\t\t\t\t\t\t\t\t\t\t\t<img decoding=\"async\" width=\"288\" height=\"527\" src=\"https:\/\/www.flagshipsoftware.com\/fsweb\/wp-content\/uploads\/2022\/06\/Address-Lookup.FR_.3.png\" class=\"attachment-medium_large size-medium_large wp-image-5611\" alt=\"\" \/>\t\t\t\t\t\t\t\t\t\t\t\t\t\t\t<\/div>\n\t\t\t\t<\/div>\n\t\t\t\t\t<\/div>\n\t\t<\/div>\n\t\t\t\t\t<\/div>\n\t\t<\/section>\n\t\t\t\t<\/div>\n\t\t","protected":false},"excerpt":{"rendered":"<p>Recherche d&#8217;adresse Il n&#8217;est pas n\u00e9cessaire qu&#8217;un travail soit charg\u00e9 pour utiliser l&#8217;\u00e9cran de recherche. Tapez autant d&#8217;informations que vous avez dans les champs de recherche rapide. Cliquez sur Corriger l&#8217;adresse. Si vous avez fourni suffisamment d&#8217;informations, l&#8217;adresse sera corrig\u00e9e.Vous pouvez \u00e9galement utiliser les boutons \u00ab Search Street Name \u00bb (Canada seulement) ou \u00ab Search [&hellip;]<\/p>\n","protected":false},"author":2,"featured_media":0,"parent":0,"menu_order":0,"comment_status":"closed","ping_status":"closed","template":"elementor_header_footer","meta":{"site-sidebar-layout":"no-sidebar","site-content-layout":"page-builder","ast-site-content-layout":"default","site-content-style":"default","site-sidebar-style":"default","ast-global-header-display":"","ast-banner-title-visibility":"","ast-main-header-display":"","ast-hfb-above-header-display":"","ast-hfb-below-header-display":"","ast-hfb-mobile-header-display":"","site-post-title":"disabled","ast-breadcrumbs-content":"","ast-featured-img":"disabled","footer-sml-layout":"","ast-disable-related-posts":"","theme-transparent-header-meta":"","adv-header-id-meta":"","stick-header-meta":"","header-above-stick-meta":"","header-main-stick-meta":"","header-below-stick-meta":"","astra-migrate-meta-layouts":"default","ast-page-background-enabled":"default","ast-page-background-meta":{"desktop":{"background-color":"","background-image":"","background-repeat":"repeat","background-position":"center center","background-size":"auto","background-attachment":"scroll","background-type":"","background-media":"","overlay-type":"","overlay-color":"","overlay-opacity":"","overlay-gradient":""},"tablet":{"background-color":"","background-image":"","background-repeat":"repeat","background-position":"center center","background-size":"auto","background-attachment":"scroll","background-type":"","background-media":"","overlay-type":"","overlay-color":"","overlay-opacity":"","overlay-gradient":""},"mobile":{"background-color":"","background-image":"","background-repeat":"repeat","background-position":"center center","background-size":"auto","background-attachment":"scroll","background-type":"","background-media":"","overlay-type":"","overlay-color":"","overlay-opacity":"","overlay-gradient":""}},"ast-content-background-meta":{"desktop":{"background-color":"var(--ast-global-color-5)","background-image":"","background-repeat":"repeat","background-position":"center center","background-size":"auto","background-attachment":"scroll","background-type":"","background-media":"","overlay-type":"","overlay-color":"","overlay-opacity":"","overlay-gradient":""},"tablet":{"background-color":"var(--ast-global-color-5)","background-image":"","background-repeat":"repeat","background-position":"center center","background-size":"auto","background-attachment":"scroll","background-type":"","background-media":"","overlay-type":"","overlay-color":"","overlay-opacity":"","overlay-gradient":""},"mobile":{"background-color":"var(--ast-global-color-5)","background-image":"","background-repeat":"repeat","background-position":"center center","background-size":"auto","background-attachment":"scroll","background-type":"","background-media":"","overlay-type":"","overlay-color":"","overlay-opacity":"","overlay-gradient":""}},"footnotes":""},"class_list":["post-5607","page","type-page","status-publish","hentry"],"_links":{"self":[{"href":"https:\/\/www.flagshipsoftware.com\/fsweb\/wp-json\/wp\/v2\/pages\/5607","targetHints":{"allow":["GET"]}}],"collection":[{"href":"https:\/\/www.flagshipsoftware.com\/fsweb\/wp-json\/wp\/v2\/pages"}],"about":[{"href":"https:\/\/www.flagshipsoftware.com\/fsweb\/wp-json\/wp\/v2\/types\/page"}],"author":[{"embeddable":true,"href":"https:\/\/www.flagshipsoftware.com\/fsweb\/wp-json\/wp\/v2\/users\/2"}],"replies":[{"embeddable":true,"href":"https:\/\/www.flagshipsoftware.com\/fsweb\/wp-json\/wp\/v2\/comments?post=5607"}],"version-history":[{"count":4,"href":"https:\/\/www.flagshipsoftware.com\/fsweb\/wp-json\/wp\/v2\/pages\/5607\/revisions"}],"predecessor-version":[{"id":5614,"href":"https:\/\/www.flagshipsoftware.com\/fsweb\/wp-json\/wp\/v2\/pages\/5607\/revisions\/5614"}],"wp:attachment":[{"href":"https:\/\/www.flagshipsoftware.com\/fsweb\/wp-json\/wp\/v2\/media?parent=5607"}],"curies":[{"name":"wp","href":"https:\/\/api.w.org\/{rel}","templated":true}]}}