{"id":5713,"date":"2022-06-14T11:51:46","date_gmt":"2022-06-14T15:51:46","guid":{"rendered":"http:\/\/lobster.f\/fsweb\/?page_id=5713"},"modified":"2022-06-14T11:54:48","modified_gmt":"2022-06-14T15:54:48","slug":"addressminerpro-fr","status":"publish","type":"page","link":"https:\/\/www.flagshipsoftware.com\/fsweb\/fr\/addressminerpro-fr\/","title":{"rendered":"AddressMinerPro FR"},"content":{"rendered":"\t\t<div data-elementor-type=\"wp-page\" data-elementor-id=\"5713\" class=\"elementor elementor-5713\" data-elementor-post-type=\"page\">\n\t\t\t\t\t\t<section class=\"elementor-section elementor-top-section elementor-element elementor-element-10b36cbb elementor-section-boxed elementor-section-height-default elementor-section-height-default\" data-id=\"10b36cbb\" data-element_type=\"section\" data-settings=\"{&quot;background_background&quot;:&quot;classic&quot;}\">\n\t\t\t\t\t\t\t<div class=\"elementor-background-overlay\"><\/div>\n\t\t\t\t\t\t\t<div class=\"elementor-container elementor-column-gap-default\">\n\t\t\t\t\t<div class=\"elementor-column elementor-col-100 elementor-top-column elementor-element elementor-element-2871baa7\" data-id=\"2871baa7\" data-element_type=\"column\">\n\t\t\t<div class=\"elementor-widget-wrap elementor-element-populated\">\n\t\t\t\t\t\t<div class=\"elementor-element elementor-element-2d45c990 elementor-widget elementor-widget-heading\" data-id=\"2d45c990\" data-element_type=\"widget\" data-widget_type=\"heading.default\">\n\t\t\t\t<div class=\"elementor-widget-container\">\n\t\t\t\t\t<h1 class=\"elementor-heading-title elementor-size-default\">AddressMinerPRO<\/h1>\t\t\t\t<\/div>\n\t\t\t\t<\/div>\n\t\t\t\t\t<\/div>\n\t\t<\/div>\n\t\t\t\t\t<\/div>\n\t\t<\/section>\n\t\t\t\t<section class=\"elementor-section elementor-top-section elementor-element elementor-element-1ab8e73d elementor-section-boxed elementor-section-height-default elementor-section-height-default\" data-id=\"1ab8e73d\" data-element_type=\"section\">\n\t\t\t\t\t\t<div class=\"elementor-container elementor-column-gap-default\">\n\t\t\t\t\t<div class=\"elementor-column elementor-col-100 elementor-top-column elementor-element elementor-element-13d0ae6e\" data-id=\"13d0ae6e\" data-element_type=\"column\">\n\t\t\t<div class=\"elementor-widget-wrap elementor-element-populated\">\n\t\t\t\t\t\t<div class=\"elementor-element elementor-element-99a217e elementor-widget elementor-widget-spacer\" data-id=\"99a217e\" data-element_type=\"widget\" data-widget_type=\"spacer.default\">\n\t\t\t\t<div class=\"elementor-widget-container\">\n\t\t\t\t\t\t\t<div class=\"elementor-spacer\">\n\t\t\t<div class=\"elementor-spacer-inner\"><\/div>\n\t\t<\/div>\n\t\t\t\t\t\t<\/div>\n\t\t\t\t<\/div>\n\t\t\t\t<div class=\"elementor-element elementor-element-724ee121 elementor-widget elementor-widget-text-editor\" data-id=\"724ee121\" data-element_type=\"widget\" data-widget_type=\"text-editor.default\">\n\t\t\t\t<div class=\"elementor-widget-container\">\n\t\t\t\t\t\t\t\t\t<p style=\"text-align: center;\">Cet utilitaire s\u00e9par\u00e9 vous fera \u00e9conomiser des heures de travail manuel fastidieux pour organiser des fichiers de donn\u00e9es disparates. AddressMinerPRO extraira les donn\u00e9es des fichiers o\u00f9 il n&#8217;y a pas d&#8217;ordre ou de structure discernable, et lorsque les donn\u00e9es d&#8217;adresse sont stock\u00e9es dans des champs uniques. Il n&#8217;est pas n\u00e9cessaire de modifier manuellement le fichier pour ordonner correctement les champs\u00a0! AddressMinerPRO peut importer \u00e0 partir de divers fichiers texte, y compris l&#8217;analyse de fichiers texte au format d&#8217;\u00e9tiquette, et int\u00e8gre de mani\u00e8re transparente les fichiers import\u00e9s directement dans iAddress\u2122.<\/p><p style=\"text-align: center;\"><img fetchpriority=\"high\" decoding=\"async\" class=\"aligncenter wp-image-1098 size-full\" src=\"https:\/\/www.flagshipsoftware.com\/fsweb\/wp-content\/uploads\/2017\/05\/Screen-Shot-08-03-17-at-03.34-PM.png\" alt=\"\" width=\"543\" height=\"509\" \/><\/p><ul><li>Importations \u00e0 partir de divers formats de fichiers texte (fichiers CSV, d\u00e9limit\u00e9s par des tabulations, d\u00e9limit\u00e9s sur mesure et de longueur fixe) ainsi que des formats de fichier Excel (XLS) et Excel 2007 (XLSX)<\/li><li>Peut importer et analyser des fichiers texte au format d&#8217;\u00e9tiquette<\/li><li>Analyse les donn\u00e9es d&#8217;adresse non ordonn\u00e9es et non structur\u00e9es \u00e0 partir de fichiers d\u00e9sorganis\u00e9s<\/li><li>Importe directement dans iAddress\u2122 avec une int\u00e9gration transparente<\/li><\/ul><p><img decoding=\"async\" class=\"alignleft\" src=\"http:\/\/www.flagshipsoftware.com\/images\/spacer.gif\" width=\"1\" height=\"210\" \/><\/p>\t\t\t\t\t\t\t\t<\/div>\n\t\t\t\t<\/div>\n\t\t\t\t\t<\/div>\n\t\t<\/div>\n\t\t\t\t\t<\/div>\n\t\t<\/section>\n\t\t\t\t<\/div>\n\t\t","protected":false},"excerpt":{"rendered":"<p>AddressMinerPRO Cet utilitaire s\u00e9par\u00e9 vous fera \u00e9conomiser des heures de travail manuel fastidieux pour organiser des fichiers de donn\u00e9es disparates. AddressMinerPRO extraira les donn\u00e9es des fichiers o\u00f9 il n&#8217;y a pas d&#8217;ordre ou de structure discernable, et lorsque les donn\u00e9es d&#8217;adresse sont stock\u00e9es dans des champs uniques. Il n&#8217;est pas n\u00e9cessaire de modifier manuellement le [&hellip;]<\/p>\n","protected":false},"author":2,"featured_media":0,"parent":0,"menu_order":0,"comment_status":"closed","ping_status":"closed","template":"elementor_header_footer","meta":{"site-sidebar-layout":"no-sidebar","site-content-layout":"page-builder","ast-site-content-layout":"default","site-content-style":"default","site-sidebar-style":"default","ast-global-header-display":"","ast-banner-title-visibility":"","ast-main-header-display":"","ast-hfb-above-header-display":"","ast-hfb-below-header-display":"","ast-hfb-mobile-header-display":"","site-post-title":"disabled","ast-breadcrumbs-content":"","ast-featured-img":"disabled","footer-sml-layout":"","ast-disable-related-posts":"","theme-transparent-header-meta":"default","adv-header-id-meta":"","stick-header-meta":"","header-above-stick-meta":"","header-main-stick-meta":"","header-below-stick-meta":"","astra-migrate-meta-layouts":"default","ast-page-background-enabled":"default","ast-page-background-meta":{"desktop":{"background-color":"","background-image":"","background-repeat":"repeat","background-position":"center center","background-size":"auto","background-attachment":"scroll","background-type":"","background-media":"","overlay-type":"","overlay-color":"","overlay-opacity":"","overlay-gradient":""},"tablet":{"background-color":"","background-image":"","background-repeat":"repeat","background-position":"center center","background-size":"auto","background-attachment":"scroll","background-type":"","background-media":"","overlay-type":"","overlay-color":"","overlay-opacity":"","overlay-gradient":""},"mobile":{"background-color":"","background-image":"","background-repeat":"repeat","background-position":"center center","background-size":"auto","background-attachment":"scroll","background-type":"","background-media":"","overlay-type":"","overlay-color":"","overlay-opacity":"","overlay-gradient":""}},"ast-content-background-meta":{"desktop":{"background-color":"var(--ast-global-color-5)","background-image":"","background-repeat":"repeat","background-position":"center center","background-size":"auto","background-attachment":"scroll","background-type":"","background-media":"","overlay-type":"","overlay-color":"","overlay-opacity":"","overlay-gradient":""},"tablet":{"background-color":"var(--ast-global-color-5)","background-image":"","background-repeat":"repeat","background-position":"center center","background-size":"auto","background-attachment":"scroll","background-type":"","background-media":"","overlay-type":"","overlay-color":"","overlay-opacity":"","overlay-gradient":""},"mobile":{"background-color":"var(--ast-global-color-5)","background-image":"","background-repeat":"repeat","background-position":"center center","background-size":"auto","background-attachment":"scroll","background-type":"","background-media":"","overlay-type":"","overlay-color":"","overlay-opacity":"","overlay-gradient":""}},"footnotes":""},"class_list":["post-5713","page","type-page","status-publish","hentry"],"_links":{"self":[{"href":"https:\/\/www.flagshipsoftware.com\/fsweb\/wp-json\/wp\/v2\/pages\/5713","targetHints":{"allow":["GET"]}}],"collection":[{"href":"https:\/\/www.flagshipsoftware.com\/fsweb\/wp-json\/wp\/v2\/pages"}],"about":[{"href":"https:\/\/www.flagshipsoftware.com\/fsweb\/wp-json\/wp\/v2\/types\/page"}],"author":[{"embeddable":true,"href":"https:\/\/www.flagshipsoftware.com\/fsweb\/wp-json\/wp\/v2\/users\/2"}],"replies":[{"embeddable":true,"href":"https:\/\/www.flagshipsoftware.com\/fsweb\/wp-json\/wp\/v2\/comments?post=5713"}],"version-history":[{"count":4,"href":"https:\/\/www.flagshipsoftware.com\/fsweb\/wp-json\/wp\/v2\/pages\/5713\/revisions"}],"predecessor-version":[{"id":5717,"href":"https:\/\/www.flagshipsoftware.com\/fsweb\/wp-json\/wp\/v2\/pages\/5713\/revisions\/5717"}],"wp:attachment":[{"href":"https:\/\/www.flagshipsoftware.com\/fsweb\/wp-json\/wp\/v2\/media?parent=5713"}],"curies":[{"name":"wp","href":"https:\/\/api.w.org\/{rel}","templated":true}]}}