{"id":5858,"date":"2022-06-23T14:53:12","date_gmt":"2022-06-23T18:53:12","guid":{"rendered":"http:\/\/lobster.f\/fsweb\/?page_id=5858"},"modified":"2022-06-23T15:05:07","modified_gmt":"2022-06-23T19:05:07","slug":"informations-demographiques","status":"publish","type":"page","link":"https:\/\/www.flagshipsoftware.com\/fsweb\/fr\/informations-demographiques\/","title":{"rendered":"Informations D\u00e9mographiques"},"content":{"rendered":"\t\t<div data-elementor-type=\"wp-page\" data-elementor-id=\"5858\" class=\"elementor elementor-5858\" data-elementor-post-type=\"page\">\n\t\t\t\t\t\t<section class=\"elementor-section elementor-top-section elementor-element elementor-element-2d89634 elementor-section-full_width elementor-section-height-default elementor-section-height-default\" data-id=\"2d89634\" data-element_type=\"section\" data-e-type=\"section\" data-settings=\"{&quot;shape_divider_top&quot;:&quot;opacity-fan&quot;}\">\n\t\t\t\t\t<div class=\"elementor-shape elementor-shape-top\" aria-hidden=\"true\" data-negative=\"false\">\n\t\t\t<svg xmlns=\"http:\/\/www.w3.org\/2000\/svg\" viewBox=\"0 0 283.5 19.6\" preserveAspectRatio=\"none\">\n\t<path class=\"elementor-shape-fill\" style=\"opacity:0.33\" d=\"M0 0L0 18.8 141.8 4.1 283.5 18.8 283.5 0z\"\/>\n\t<path class=\"elementor-shape-fill\" style=\"opacity:0.33\" d=\"M0 0L0 12.6 141.8 4 283.5 12.6 283.5 0z\"\/>\n\t<path class=\"elementor-shape-fill\" style=\"opacity:0.33\" d=\"M0 0L0 6.4 141.8 4 283.5 6.4 283.5 0z\"\/>\n\t<path class=\"elementor-shape-fill\" d=\"M0 0L0 1.2 141.8 4 283.5 1.2 283.5 0z\"\/>\n<\/svg>\t\t<\/div>\n\t\t\t\t\t<div class=\"elementor-container elementor-column-gap-default\">\n\t\t\t\t\t<div class=\"elementor-column elementor-col-100 elementor-top-column elementor-element elementor-element-4aa1561\" data-id=\"4aa1561\" data-element_type=\"column\" data-e-type=\"column\">\n\t\t\t<div class=\"elementor-widget-wrap elementor-element-populated\">\n\t\t\t\t\t\t<div class=\"elementor-element elementor-element-0a1d4e0 elementor-widget elementor-widget-spacer\" data-id=\"0a1d4e0\" data-element_type=\"widget\" data-e-type=\"widget\" data-widget_type=\"spacer.default\">\n\t\t\t\t<div class=\"elementor-widget-container\">\n\t\t\t\t\t\t\t<div class=\"elementor-spacer\">\n\t\t\t<div class=\"elementor-spacer-inner\"><\/div>\n\t\t<\/div>\n\t\t\t\t\t\t<\/div>\n\t\t\t\t<\/div>\n\t\t\t\t<div class=\"elementor-element elementor-element-e2fcf3b elementor-widget elementor-widget-heading\" data-id=\"e2fcf3b\" data-element_type=\"widget\" data-e-type=\"widget\" data-widget_type=\"heading.default\">\n\t\t\t\t<div class=\"elementor-widget-container\">\n\t\t\t\t\t<h1 class=\"elementor-heading-title elementor-size-default\">Informations D\u00e9mographiques<\/h1>\t\t\t\t<\/div>\n\t\t\t\t<\/div>\n\t\t\t\t<div class=\"elementor-element elementor-element-81840e2 elementor-widget elementor-widget-spacer\" data-id=\"81840e2\" data-element_type=\"widget\" data-e-type=\"widget\" data-widget_type=\"spacer.default\">\n\t\t\t\t<div class=\"elementor-widget-container\">\n\t\t\t\t\t\t\t<div class=\"elementor-spacer\">\n\t\t\t<div class=\"elementor-spacer-inner\"><\/div>\n\t\t<\/div>\n\t\t\t\t\t\t<\/div>\n\t\t\t\t<\/div>\n\t\t\t\t\t<\/div>\n\t\t<\/div>\n\t\t\t\t\t<\/div>\n\t\t<\/section>\n\t\t\t\t<section class=\"elementor-section elementor-top-section elementor-element elementor-element-1f1ec0f elementor-section-boxed elementor-section-height-default elementor-section-height-default\" data-id=\"1f1ec0f\" data-element_type=\"section\" data-e-type=\"section\">\n\t\t\t\t\t\t<div class=\"elementor-container elementor-column-gap-default\">\n\t\t\t\t\t<div class=\"elementor-column elementor-col-50 elementor-top-column elementor-element elementor-element-89cc57b\" data-id=\"89cc57b\" data-element_type=\"column\" data-e-type=\"column\">\n\t\t\t<div class=\"elementor-widget-wrap elementor-element-populated\">\n\t\t\t\t\t\t<div class=\"elementor-element elementor-element-d61e248 elementor-widget elementor-widget-text-editor\" data-id=\"d61e248\" data-element_type=\"widget\" data-e-type=\"widget\" data-widget_type=\"text-editor.default\">\n\t\t\t\t<div class=\"elementor-widget-container\">\n\t\t\t\t\t\t\t\t\t<p>Vous pouvez ajouter des donn\u00e9es d\u00e9mographiques \u00e0 votre fichier de travail en cliquant sur \u00ab\u00a0Ajouter des donn\u00e9es d\u00e9mographiques\u00a0\u00bb sous l&#8217;onglet des donn\u00e9es d\u00e9mographiques dans le menu du fichier iAddress\u2122. Cette fonction g\u00e9n\u00e9rera des champs dans la base de donn\u00e9es avec vos r\u00e9sultats \u00e0 ajouter. Vous pouvez choisir vos 3 cat\u00e9gories et sous-cat\u00e9gories et traiter les donn\u00e9es pour les ajouter.<\/p><p>Un rapport d&#8217;ajout de donn\u00e9es d\u00e9mographiques sera g\u00e9n\u00e9r\u00e9, r\u00e9pertoriant toutes les cat\u00e9gories et sous-cat\u00e9gories que vous avez choisies.<\/p><p>Vous pouvez cliquer sur &#8220;Afficher les enregistrements&#8221; pour voir les nouvelles cat\u00e9gories qui ont \u00e9t\u00e9 cr\u00e9\u00e9es dans votre base de donn\u00e9es avec les donn\u00e9es d\u00e9mographiques suppl\u00e9mentaires. L&#8217;onglet Analyse d\u00e9mographique vous donnera la possibilit\u00e9 de visualiser et d&#8217;imprimer une vari\u00e9t\u00e9 de rapports.<\/p><p>La s\u00e9lection de l&#8217;option Analyse d\u00e9mographique dans le menu Gestion des adresses affiche des informations sur votre\u00a0emploi par province, type d&#8217;adresse, FSAOM\u00a0et ville. Apr\u00e8s avoir ex\u00e9cut\u00e9 la correction\/validation de votre travail et s\u00e9lectionn\u00e9 l&#8217;analyse d\u00e9mographique, vous pouvez s\u00e9lectionner les \u00e9l\u00e9ments que vous souhaitez voir dans votre rapport en utilisant les boutons \u00ab\u00a0Ajouter au rapport\u00a0\u00bb et \u00ab\u00a0Supprimer du rapport\u00a0\u00bb. Cliquez sur &#8220;G\u00e9n\u00e9rer un rapport&#8221; pour cr\u00e9er le rapport. Le rapport appara\u00eetra et vous aurez la possibilit\u00e9 d&#8217;enregistrer, d&#8217;imprimer, de configurer une imprimante ou d&#8217;annuler l&#8217;aper\u00e7u du rapport.<\/p><p>Si vous \u00eates curieux de conna\u00eetre le statut de votre compte d\u00e9mographique, vous pouvez cliquer sur &#8220;Statut du compte d\u00e9mographique&#8221; et vous verrez un \u00e9cran contextuel qui indiquera le nombre d&#8217;enregistrements qu&#8217;il vous reste et le statut de votre abonnement.<\/p><p>Si vous souhaitez commander des dossiers d\u00e9mographiques, vous pouvez le faire en cliquant sur \u00ab Formulaire de commande d\u00e9mographique \u00bb. Un formulaire appara\u00eetra et d\u00e9crira les co\u00fbts associ\u00e9s aux enregistrements. Vous pouvez remplir vos informations et soumettre le formulaire de commande.<\/p>\t\t\t\t\t\t\t\t<\/div>\n\t\t\t\t<\/div>\n\t\t\t\t\t<\/div>\n\t\t<\/div>\n\t\t\t\t<div class=\"elementor-column elementor-col-50 elementor-top-column elementor-element elementor-element-4e147bb\" data-id=\"4e147bb\" data-element_type=\"column\" data-e-type=\"column\">\n\t\t\t<div class=\"elementor-widget-wrap elementor-element-populated\">\n\t\t\t\t\t\t\t<\/div>\n\t\t<\/div>\n\t\t\t\t\t<\/div>\n\t\t<\/section>\n\t\t\t\t<\/div>\n\t\t","protected":false},"excerpt":{"rendered":"<p>Informations D\u00e9mographiques Vous pouvez ajouter des donn\u00e9es d\u00e9mographiques \u00e0 votre fichier de travail en cliquant sur \u00ab\u00a0Ajouter des donn\u00e9es d\u00e9mographiques\u00a0\u00bb sous l&#8217;onglet des donn\u00e9es d\u00e9mographiques dans le menu du fichier iAddress\u2122. Cette fonction g\u00e9n\u00e9rera des champs dans la base de donn\u00e9es avec vos r\u00e9sultats \u00e0 ajouter. Vous pouvez choisir vos 3 cat\u00e9gories et sous-cat\u00e9gories et [&hellip;]<\/p>\n","protected":false},"author":2,"featured_media":0,"parent":0,"menu_order":0,"comment_status":"closed","ping_status":"closed","template":"elementor_header_footer","meta":{"site-sidebar-layout":"no-sidebar","site-content-layout":"page-builder","ast-site-content-layout":"default","site-content-style":"default","site-sidebar-style":"default","ast-global-header-display":"","ast-banner-title-visibility":"","ast-main-header-display":"","ast-hfb-above-header-display":"","ast-hfb-below-header-display":"","ast-hfb-mobile-header-display":"","site-post-title":"disabled","ast-breadcrumbs-content":"","ast-featured-img":"disabled","footer-sml-layout":"","ast-disable-related-posts":"","theme-transparent-header-meta":"","adv-header-id-meta":"","stick-header-meta":"","header-above-stick-meta":"","header-main-stick-meta":"","header-below-stick-meta":"","astra-migrate-meta-layouts":"default","ast-page-background-enabled":"default","ast-page-background-meta":{"desktop":{"background-color":"","background-image":"","background-repeat":"repeat","background-position":"center center","background-size":"auto","background-attachment":"scroll","background-type":"","background-media":"","overlay-type":"","overlay-color":"","overlay-opacity":"","overlay-gradient":""},"tablet":{"background-color":"","background-image":"","background-repeat":"repeat","background-position":"center center","background-size":"auto","background-attachment":"scroll","background-type":"","background-media":"","overlay-type":"","overlay-color":"","overlay-opacity":"","overlay-gradient":""},"mobile":{"background-color":"","background-image":"","background-repeat":"repeat","background-position":"center center","background-size":"auto","background-attachment":"scroll","background-type":"","background-media":"","overlay-type":"","overlay-color":"","overlay-opacity":"","overlay-gradient":""}},"ast-content-background-meta":{"desktop":{"background-color":"var(--ast-global-color-5)","background-image":"","background-repeat":"repeat","background-position":"center center","background-size":"auto","background-attachment":"scroll","background-type":"","background-media":"","overlay-type":"","overlay-color":"","overlay-opacity":"","overlay-gradient":""},"tablet":{"background-color":"var(--ast-global-color-5)","background-image":"","background-repeat":"repeat","background-position":"center center","background-size":"auto","background-attachment":"scroll","background-type":"","background-media":"","overlay-type":"","overlay-color":"","overlay-opacity":"","overlay-gradient":""},"mobile":{"background-color":"var(--ast-global-color-5)","background-image":"","background-repeat":"repeat","background-position":"center center","background-size":"auto","background-attachment":"scroll","background-type":"","background-media":"","overlay-type":"","overlay-color":"","overlay-opacity":"","overlay-gradient":""}},"footnotes":""},"class_list":["post-5858","page","type-page","status-publish","hentry"],"_links":{"self":[{"href":"https:\/\/www.flagshipsoftware.com\/fsweb\/wp-json\/wp\/v2\/pages\/5858","targetHints":{"allow":["GET"]}}],"collection":[{"href":"https:\/\/www.flagshipsoftware.com\/fsweb\/wp-json\/wp\/v2\/pages"}],"about":[{"href":"https:\/\/www.flagshipsoftware.com\/fsweb\/wp-json\/wp\/v2\/types\/page"}],"author":[{"embeddable":true,"href":"https:\/\/www.flagshipsoftware.com\/fsweb\/wp-json\/wp\/v2\/users\/2"}],"replies":[{"embeddable":true,"href":"https:\/\/www.flagshipsoftware.com\/fsweb\/wp-json\/wp\/v2\/comments?post=5858"}],"version-history":[{"count":4,"href":"https:\/\/www.flagshipsoftware.com\/fsweb\/wp-json\/wp\/v2\/pages\/5858\/revisions"}],"predecessor-version":[{"id":5863,"href":"https:\/\/www.flagshipsoftware.com\/fsweb\/wp-json\/wp\/v2\/pages\/5858\/revisions\/5863"}],"wp:attachment":[{"href":"https:\/\/www.flagshipsoftware.com\/fsweb\/wp-json\/wp\/v2\/media?parent=5858"}],"curies":[{"name":"wp","href":"https:\/\/api.w.org\/{rel}","templated":true}]}}