{"id":6041,"date":"2022-07-05T13:07:45","date_gmt":"2022-07-05T17:07:45","guid":{"rendered":"http:\/\/lobster.f\/fsweb\/?page_id=6041"},"modified":"2022-07-05T13:18:35","modified_gmt":"2022-07-05T17:18:35","slug":"preferences-2","status":"publish","type":"page","link":"https:\/\/www.flagshipsoftware.com\/fsweb\/fr\/preferences-2\/","title":{"rendered":"Pr\u00e9f\u00e9rences"},"content":{"rendered":"\t\t<div data-elementor-type=\"wp-page\" data-elementor-id=\"6041\" class=\"elementor elementor-6041\" data-elementor-post-type=\"page\">\n\t\t\t\t\t\t<section class=\"elementor-section elementor-top-section elementor-element elementor-element-075df89 elementor-section-full_width elementor-section-height-default elementor-section-height-default\" data-id=\"075df89\" data-element_type=\"section\" data-e-type=\"section\" data-settings=\"{&quot;shape_divider_top&quot;:&quot;book&quot;}\">\n\t\t\t\t\t<div class=\"elementor-shape elementor-shape-top\" aria-hidden=\"true\" data-negative=\"false\">\n\t\t\t<svg xmlns=\"http:\/\/www.w3.org\/2000\/svg\" viewBox=\"0 0 1000 100\" preserveAspectRatio=\"none\">\n\t<path class=\"elementor-shape-fill\" d=\"M194,99c186.7,0.7,305-78.3,306-97.2c1,18.9,119.3,97.9,306,97.2c114.3-0.3,194,0.3,194,0.3s0-91.7,0-100c0,0,0,0,0-0 L0,0v99.3C0,99.3,79.7,98.7,194,99z\"\/>\n<\/svg>\t\t<\/div>\n\t\t\t\t\t<div class=\"elementor-container elementor-column-gap-default\">\n\t\t\t\t\t<div class=\"elementor-column elementor-col-100 elementor-top-column elementor-element elementor-element-ee640ee\" data-id=\"ee640ee\" data-element_type=\"column\" data-e-type=\"column\">\n\t\t\t<div class=\"elementor-widget-wrap elementor-element-populated\">\n\t\t\t\t\t\t<div class=\"elementor-element elementor-element-b79cdc7 elementor-widget elementor-widget-spacer\" data-id=\"b79cdc7\" data-element_type=\"widget\" data-e-type=\"widget\" data-widget_type=\"spacer.default\">\n\t\t\t\t<div class=\"elementor-widget-container\">\n\t\t\t\t\t\t\t<div class=\"elementor-spacer\">\n\t\t\t<div class=\"elementor-spacer-inner\"><\/div>\n\t\t<\/div>\n\t\t\t\t\t\t<\/div>\n\t\t\t\t<\/div>\n\t\t\t\t<div class=\"elementor-element elementor-element-070fb99 elementor-widget elementor-widget-heading\" data-id=\"070fb99\" data-element_type=\"widget\" data-e-type=\"widget\" data-widget_type=\"heading.default\">\n\t\t\t\t<div class=\"elementor-widget-container\">\n\t\t\t\t\t<h1 class=\"elementor-heading-title elementor-size-default\">Pr\u00e9f\u00e9rences<\/h1>\t\t\t\t<\/div>\n\t\t\t\t<\/div>\n\t\t\t\t<div class=\"elementor-element elementor-element-c102b80 elementor-widget elementor-widget-spacer\" data-id=\"c102b80\" data-element_type=\"widget\" data-e-type=\"widget\" data-widget_type=\"spacer.default\">\n\t\t\t\t<div class=\"elementor-widget-container\">\n\t\t\t\t\t\t\t<div class=\"elementor-spacer\">\n\t\t\t<div class=\"elementor-spacer-inner\"><\/div>\n\t\t<\/div>\n\t\t\t\t\t\t<\/div>\n\t\t\t\t<\/div>\n\t\t\t\t\t<\/div>\n\t\t<\/div>\n\t\t\t\t\t<\/div>\n\t\t<\/section>\n\t\t\t\t<section class=\"elementor-section elementor-top-section elementor-element elementor-element-9b6eb8e elementor-section-boxed elementor-section-height-default elementor-section-height-default\" data-id=\"9b6eb8e\" data-element_type=\"section\" data-e-type=\"section\">\n\t\t\t\t\t\t<div class=\"elementor-container elementor-column-gap-default\">\n\t\t\t\t\t<div class=\"elementor-column elementor-col-50 elementor-top-column elementor-element elementor-element-c803ef7\" data-id=\"c803ef7\" data-element_type=\"column\" data-e-type=\"column\">\n\t\t\t<div class=\"elementor-widget-wrap elementor-element-populated\">\n\t\t\t\t\t\t<div class=\"elementor-element elementor-element-f3d7d27 elementor-widget elementor-widget-text-editor\" data-id=\"f3d7d27\" data-element_type=\"widget\" data-e-type=\"widget\" data-widget_type=\"text-editor.default\">\n\t\t\t\t<div class=\"elementor-widget-container\">\n\t\t\t\t\t\t\t\t\t<p><strong>R\u00e9glages<\/strong><\/p><p>L&#8217;onglet Param\u00e8tres vous permet de choisir vos pr\u00e9f\u00e9rences par d\u00e9faut li\u00e9es au programme iAddress\u2122.<\/p><p><strong>Langue<\/strong><\/p><p>Utilisez ce bouton pour basculer entre les affichages anglais et fran\u00e7ais dans iAddress\u2122. Veuillez noter que tous les termes USPS n&#8217;ont pas d&#8217;\u00e9quivalents fran\u00e7ais et seront affich\u00e9s en anglais.<\/p><p><strong>Activer la piste d&#8217;audit<\/strong><\/p><p>Cette fonction suivra les modifications manuelles que vous avez apport\u00e9es \u00e0 votre base de donn\u00e9es. Par exemple, le journal d&#8217;audit affichera les suppressions d&#8217;enregistrements, les ajouts et toutes les modifications que vous avez apport\u00e9es via l&#8217;\u00e9cran de recherche d&#8217;adresse.<\/p><p><strong>Transfert s\u00e9curis\u00e9 NCOA (SSL)<\/strong><\/p><p>Activez le transfert s\u00e9curis\u00e9 NCOA (SSL) pour que vos informations soient crypt\u00e9es lors de l&#8217;utilisation de la fonction NCOA\/CMA.<\/p><p><strong>V\u00e9rifier les mises \u00e0 jour au d\u00e9marrage<\/strong><\/p><p>Si vous disposez d&#8217;une connexion Internet sur cet ordinateur et que vous souhaitez qu&#8217;iAddress\u2122 v\u00e9rifie automatiquement le serveur de mise \u00e0 jour pour toute mise \u00e0 jour du programme, laissez cette option d\u00e9finie sur &#8220;ON&#8221;.<\/p><p><strong>Enregistrement automatique<\/strong><\/p><p>Votre fichier de travail est automatiquement enregistr\u00e9 apr\u00e8s chaque \u00e9tape du processus de correction\/validation et de tri. Si vous quittez involontairement iAddress\u2122 sans enregistrer, vous pouvez r\u00e9cup\u00e9rer votre travail en cliquant sur le bouton \u00ab\u00a0Aller aux sauvegardes automatiques\u00a0\u00bb. Les sauvegardes automatiques sont nomm\u00e9es en fonction de la date et de l&#8217;heure de leur cr\u00e9ation.<\/p><p>Pour emp\u00eacher les sauvegardes automatiques, r\u00e9glez cette option sur &#8220;OFF&#8221;.<\/p><p><strong>Important!<\/strong><\/p><p>Vous devez supprimer p\u00e9riodiquement vos anciens fichiers enregistr\u00e9s automatiquement pour \u00e9conomiser de l&#8217;espace sur le disque dur.<\/p><p><strong>Chemins de donn\u00e9es<\/strong><\/p><p>L&#8217;onglet Chemins de donn\u00e9es vous permet de choisir vos chemins par d\u00e9faut li\u00e9s au programme iAddress\u2122.<\/p><p><strong>Chemins par d\u00e9faut<\/strong><\/p><p>Vous pouvez d\u00e9finir le dossier par d\u00e9faut utilis\u00e9 par iAddress\u2122 lorsqu&#8217;il\u00a0:<\/p><p>Importer des fichiers pour cr\u00e9er des travaux<br \/>Exporte et enregistre<br \/>Exporter pour l&#8217;impression<\/p><p>Vous pouvez soit les d\u00e9finir manuellement dans un dossier pr\u00e9f\u00e9r\u00e9, soit cocher la case &#8220;M\u00e9moriser le dernier chemin&#8221; pour permettre \u00e0 iAddress\u2122 d&#8217;utiliser par d\u00e9faut le dernier chemin utilis\u00e9.<\/p><p><strong>Emplacement des donn\u00e9es postales<\/strong><\/p><p>R\u00e9pertorie les chemins d&#8217;acc\u00e8s o\u00f9 iAddressTM stocke ses fichiers de donn\u00e9es.<\/p><p><strong>Page de codes DBF<\/strong><\/p><p>Vous pouvez d\u00e9finir la gestion par d\u00e9faut des fichiers dBase. Les anciennes versions de dBase utilisent la page de code OEM pour stocker les caract\u00e8res accentu\u00e9s, tandis que les versions plus r\u00e9centes utilisent la page de code ANSI pour stocker les caract\u00e8res accentu\u00e9s. Un r\u00e9glage incorrect peut entra\u00eener un affichage incorrect des caract\u00e8res accentu\u00e9s.<\/p><p><strong>Pr\u00e9f\u00e9rences de tri CA<\/strong><\/p><p>L&#8217;onglet Tri CA vous permet de choisir vos pr\u00e9f\u00e9rences par d\u00e9faut li\u00e9es au tri canadien.<\/p><p><strong>Pauses group\u00e9es<\/strong><\/p><p>Au cours du processus de tri, vous pouvez choisir d&#8217;indiquer le premier, le dernier ou le premier et le dernier morceau de chaque paquet, conteneur ou palette. Les caract\u00e8res fournis par d\u00e9faut indiquent les sauts ; si vous pr\u00e9f\u00e9rez les modifier, entrez simplement un nouveau caract\u00e8re pour chaque type de conteneur. Si vous ne souhaitez pas que les ruptures soient indiqu\u00e9es, d\u00e9cochez la case &#8220;Colonne Bag\/Bun add bundle break&#8221;.<\/p><p><strong>LEMT<\/strong><\/p><p>La ligne d&#8217;endossement facultatif remplace les \u00e9tiquettes de liasse en imprimant ces informations directement sur les \u00e9tiquettes d&#8217;adresse sur la premi\u00e8re ligne au-dessus de l&#8217;adresse.<\/p><p><strong>Important!<\/strong><\/p><p>L&#8217;OEL est cr\u00e9\u00e9e automatiquement lors du tri, mais il s&#8217;agit d&#8217;une fonctionnalit\u00e9 facultative. Vous devez s\u00e9lectionner manuellement le champ OEL dans Windows Print ou DOS Print pour qu&#8217;il soit imprim\u00e9 sur les \u00e9tiquettes d&#8217;adresse. Si vous exportez vos adresses pour l&#8217;impression, vous devez positionner le champ OEL sur vos \u00e9tiquettes. Si vous pr\u00e9f\u00e9rez ne pas utiliser l&#8217;OEL, vous pouvez toujours utiliser des \u00e9tiquettes de lot.<\/p><p><strong>Valeurs par d\u00e9faut de la palette\/du monotainer:<\/strong><\/p><p>Si vous utilisez des palettes ou des monoteneurs pour vos travaux tri\u00e9s, vous pouvez saisir ici vos quantit\u00e9s et dimensions pr\u00e9f\u00e9r\u00e9es. Cela remplacera les montants maximum et minimum de Postes Canada par les quantit\u00e9s et dimensions que vous avez s\u00e9lectionn\u00e9es.<\/p><p><strong>Pr\u00e9f\u00e9rences de tri am\u00e9ricaines<\/strong><\/p><p>L&#8217;onglet Tri am\u00e9ricain vous permet de choisir vos pr\u00e9f\u00e9rences par d\u00e9faut li\u00e9es au tri am\u00e9ricain.<\/p><p>Nombre d&#8217;\u00e9toiles devant la ligne d&#8217;approbation facultative<\/p><p>Vous pouvez d\u00e9finir le nombre d&#8217;\u00e9toiles devant la ligne de recommandation facultative.<\/p><p>Inclure **AUTO au d\u00e9but des lignes OEL d&#8217;automatisation.<\/p><p>Cette option vous permet de choisir d&#8217;inclure **AUTO au d\u00e9but des lignes OEL d&#8217;automatisation.<\/p><p>Utiliser les codes-barres Code 128 pour les \u00e9tiquettes de plateau<\/p><p>Il y a 2 codes-barres disponibles pour les \u00e9tiquettes de plateau, par d\u00e9faut il s&#8217;agit d&#8217;un code-barres 2 par 5 entrelac\u00e9 mais si les \u00e9tiquettes de plateau 128C et les \u00e9tiquettes de palette GS1-128 sont pr\u00e9f\u00e9r\u00e9es, cette option peut \u00eatre s\u00e9lectionn\u00e9e.<\/p><p><strong>Marquages \u200b\u200bdes conteneurs\/paquets<\/strong><\/p><p>Casser la cha\u00eene sur:<\/p><p>Choisissez de placer les marques sur le premier, le dernier ou le premier et le dernier de la pi\u00e8ce dans le groupe auquel elle appartient.<\/p><p><br \/><strong>Marquages \u200b\u200bde paquets\/conteneurs\/palettes<\/strong><\/p><p>Les marquages \u200b\u200b\u00e0 utiliser, traditionnellement * pour les paquets, * pour les conteneurs (plateaux\/sacs) et P pour les palettes. Sur un changement de palette, de plateau et de paquet, la marque appara\u00eetrait P**.<\/p><p><br \/><strong>Ligne d&#8217;endossement facultative sur les tris de lots<\/strong><\/p><p>Vous pouvez choisir l&#8217;une des pr\u00e9f\u00e9rences suivantes pour la ligne d&#8217;approbation facultative sur les tris group\u00e9s\u00a0:<\/p><p>Placer sur le premier morceau de chaque paquet<\/p><p>Placer sur le dernier morceau de chaque paquet<br \/>Placer sur le premier et le dernier morceau de chaque paquet<br \/>Placer sur chaque pi\u00e8ce du paquet<\/p>\t\t\t\t\t\t\t\t<\/div>\n\t\t\t\t<\/div>\n\t\t\t\t\t<\/div>\n\t\t<\/div>\n\t\t\t\t<div class=\"elementor-column elementor-col-50 elementor-top-column elementor-element elementor-element-1edbdc9\" data-id=\"1edbdc9\" data-element_type=\"column\" data-e-type=\"column\">\n\t\t\t<div class=\"elementor-widget-wrap elementor-element-populated\">\n\t\t\t\t\t\t<div class=\"elementor-element elementor-element-77b8d46 elementor-widget elementor-widget-image\" data-id=\"77b8d46\" data-element_type=\"widget\" data-e-type=\"widget\" data-widget_type=\"image.default\">\n\t\t\t\t<div class=\"elementor-widget-container\">\n\t\t\t\t\t\t\t\t\t\t\t\t\t\t\t<img fetchpriority=\"high\" decoding=\"async\" width=\"731\" height=\"679\" src=\"https:\/\/www.flagshipsoftware.com\/fsweb\/wp-content\/uploads\/2022\/07\/Preferences-FR-1.png\" class=\"attachment-large size-large wp-image-6044\" alt=\"\" \/>\t\t\t\t\t\t\t\t\t\t\t\t\t\t\t<\/div>\n\t\t\t\t<\/div>\n\t\t\t\t<div class=\"elementor-element elementor-element-5dc08f7 elementor-widget elementor-widget-image\" data-id=\"5dc08f7\" data-element_type=\"widget\" data-e-type=\"widget\" data-widget_type=\"image.default\">\n\t\t\t\t<div class=\"elementor-widget-container\">\n\t\t\t\t\t\t\t\t\t\t\t\t\t\t\t<img decoding=\"async\" width=\"1024\" height=\"507\" src=\"https:\/\/www.flagshipsoftware.com\/fsweb\/wp-content\/uploads\/2022\/07\/Preferences-FR-2.png\" class=\"attachment-large size-large wp-image-6045\" alt=\"\" \/>\t\t\t\t\t\t\t\t\t\t\t\t\t\t\t<\/div>\n\t\t\t\t<\/div>\n\t\t\t\t<div class=\"elementor-element elementor-element-d9c01e8 elementor-widget elementor-widget-image\" data-id=\"d9c01e8\" data-element_type=\"widget\" data-e-type=\"widget\" data-widget_type=\"image.default\">\n\t\t\t\t<div class=\"elementor-widget-container\">\n\t\t\t\t\t\t\t\t\t\t\t\t\t\t\t<img decoding=\"async\" width=\"1024\" height=\"507\" src=\"https:\/\/www.flagshipsoftware.com\/fsweb\/wp-content\/uploads\/2022\/07\/Preferences-FR-3.png\" class=\"attachment-large size-large wp-image-6046\" alt=\"\" \/>\t\t\t\t\t\t\t\t\t\t\t\t\t\t\t<\/div>\n\t\t\t\t<\/div>\n\t\t\t\t\t<\/div>\n\t\t<\/div>\n\t\t\t\t\t<\/div>\n\t\t<\/section>\n\t\t\t\t<\/div>\n\t\t","protected":false},"excerpt":{"rendered":"<p>Pr\u00e9f\u00e9rences R\u00e9glages L&#8217;onglet Param\u00e8tres vous permet de choisir vos pr\u00e9f\u00e9rences par d\u00e9faut li\u00e9es au programme iAddress\u2122. Langue Utilisez ce bouton pour basculer entre les affichages anglais et fran\u00e7ais dans iAddress\u2122. Veuillez noter que tous les termes USPS n&#8217;ont pas d&#8217;\u00e9quivalents fran\u00e7ais et seront affich\u00e9s en anglais. Activer la piste d&#8217;audit Cette fonction suivra les modifications [&hellip;]<\/p>\n","protected":false},"author":2,"featured_media":0,"parent":0,"menu_order":0,"comment_status":"closed","ping_status":"closed","template":"","meta":{"site-sidebar-layout":"no-sidebar","site-content-layout":"page-builder","ast-site-content-layout":"default","site-content-style":"default","site-sidebar-style":"default","ast-global-header-display":"","ast-banner-title-visibility":"","ast-main-header-display":"","ast-hfb-above-header-display":"","ast-hfb-below-header-display":"","ast-hfb-mobile-header-display":"","site-post-title":"disabled","ast-breadcrumbs-content":"","ast-featured-img":"disabled","footer-sml-layout":"","ast-disable-related-posts":"","theme-transparent-header-meta":"default","adv-header-id-meta":"","stick-header-meta":"","header-above-stick-meta":"","header-main-stick-meta":"","header-below-stick-meta":"","astra-migrate-meta-layouts":"default","ast-page-background-enabled":"default","ast-page-background-meta":{"desktop":{"background-color":"","background-image":"","background-repeat":"repeat","background-position":"center center","background-size":"auto","background-attachment":"scroll","background-type":"","background-media":"","overlay-type":"","overlay-color":"","overlay-opacity":"","overlay-gradient":""},"tablet":{"background-color":"","background-image":"","background-repeat":"repeat","background-position":"center center","background-size":"auto","background-attachment":"scroll","background-type":"","background-media":"","overlay-type":"","overlay-color":"","overlay-opacity":"","overlay-gradient":""},"mobile":{"background-color":"","background-image":"","background-repeat":"repeat","background-position":"center center","background-size":"auto","background-attachment":"scroll","background-type":"","background-media":"","overlay-type":"","overlay-color":"","overlay-opacity":"","overlay-gradient":""}},"ast-content-background-meta":{"desktop":{"background-color":"var(--ast-global-color-5)","background-image":"","background-repeat":"repeat","background-position":"center center","background-size":"auto","background-attachment":"scroll","background-type":"","background-media":"","overlay-type":"","overlay-color":"","overlay-opacity":"","overlay-gradient":""},"tablet":{"background-color":"var(--ast-global-color-5)","background-image":"","background-repeat":"repeat","background-position":"center center","background-size":"auto","background-attachment":"scroll","background-type":"","background-media":"","overlay-type":"","overlay-color":"","overlay-opacity":"","overlay-gradient":""},"mobile":{"background-color":"var(--ast-global-color-5)","background-image":"","background-repeat":"repeat","background-position":"center center","background-size":"auto","background-attachment":"scroll","background-type":"","background-media":"","overlay-type":"","overlay-color":"","overlay-opacity":"","overlay-gradient":""}},"footnotes":""},"class_list":["post-6041","page","type-page","status-publish","hentry"],"_links":{"self":[{"href":"https:\/\/www.flagshipsoftware.com\/fsweb\/wp-json\/wp\/v2\/pages\/6041","targetHints":{"allow":["GET"]}}],"collection":[{"href":"https:\/\/www.flagshipsoftware.com\/fsweb\/wp-json\/wp\/v2\/pages"}],"about":[{"href":"https:\/\/www.flagshipsoftware.com\/fsweb\/wp-json\/wp\/v2\/types\/page"}],"author":[{"embeddable":true,"href":"https:\/\/www.flagshipsoftware.com\/fsweb\/wp-json\/wp\/v2\/users\/2"}],"replies":[{"embeddable":true,"href":"https:\/\/www.flagshipsoftware.com\/fsweb\/wp-json\/wp\/v2\/comments?post=6041"}],"version-history":[{"count":4,"href":"https:\/\/www.flagshipsoftware.com\/fsweb\/wp-json\/wp\/v2\/pages\/6041\/revisions"}],"predecessor-version":[{"id":6049,"href":"https:\/\/www.flagshipsoftware.com\/fsweb\/wp-json\/wp\/v2\/pages\/6041\/revisions\/6049"}],"wp:attachment":[{"href":"https:\/\/www.flagshipsoftware.com\/fsweb\/wp-json\/wp\/v2\/media?parent=6041"}],"curies":[{"name":"wp","href":"https:\/\/api.w.org\/{rel}","templated":true}]}}