{"id":6090,"date":"2022-07-11T15:33:32","date_gmt":"2022-07-11T19:33:32","guid":{"rendered":"http:\/\/lobster.f\/fsweb\/?page_id=6090"},"modified":"2022-07-18T14:26:15","modified_gmt":"2022-07-18T18:26:15","slug":"codes-pnca","status":"publish","type":"page","link":"https:\/\/www.flagshipsoftware.com\/fsweb\/fr\/codes-pnca\/","title":{"rendered":"Codes PNCA"},"content":{"rendered":"\t\t<div data-elementor-type=\"wp-page\" data-elementor-id=\"6090\" class=\"elementor elementor-6090\" data-elementor-post-type=\"page\">\n\t\t\t\t\t\t<section class=\"elementor-section elementor-top-section elementor-element elementor-element-0bde101 elementor-section-boxed elementor-section-height-default elementor-section-height-default\" data-id=\"0bde101\" data-element_type=\"section\" data-settings=\"{&quot;shape_divider_top&quot;:&quot;book&quot;}\">\n\t\t\t\t\t<div class=\"elementor-shape elementor-shape-top\" aria-hidden=\"true\" data-negative=\"false\">\n\t\t\t<svg xmlns=\"http:\/\/www.w3.org\/2000\/svg\" viewBox=\"0 0 1000 100\" preserveAspectRatio=\"none\">\n\t<path class=\"elementor-shape-fill\" d=\"M194,99c186.7,0.7,305-78.3,306-97.2c1,18.9,119.3,97.9,306,97.2c114.3-0.3,194,0.3,194,0.3s0-91.7,0-100c0,0,0,0,0-0 L0,0v99.3C0,99.3,79.7,98.7,194,99z\"\/>\n<\/svg>\t\t<\/div>\n\t\t\t\t\t<div class=\"elementor-container elementor-column-gap-default\">\n\t\t\t\t\t<div class=\"elementor-column elementor-col-100 elementor-top-column elementor-element elementor-element-67f1c0a\" data-id=\"67f1c0a\" data-element_type=\"column\">\n\t\t\t<div class=\"elementor-widget-wrap elementor-element-populated\">\n\t\t\t\t\t\t<div class=\"elementor-element elementor-element-7a8079b elementor-widget elementor-widget-spacer\" data-id=\"7a8079b\" data-element_type=\"widget\" data-widget_type=\"spacer.default\">\n\t\t\t\t<div class=\"elementor-widget-container\">\n\t\t\t\t\t\t\t<div class=\"elementor-spacer\">\n\t\t\t<div class=\"elementor-spacer-inner\"><\/div>\n\t\t<\/div>\n\t\t\t\t\t\t<\/div>\n\t\t\t\t<\/div>\n\t\t\t\t<div class=\"elementor-element elementor-element-62c8204 elementor-widget elementor-widget-heading\" data-id=\"62c8204\" data-element_type=\"widget\" data-widget_type=\"heading.default\">\n\t\t\t\t<div class=\"elementor-widget-container\">\n\t\t\t\t\t<h2 class=\"elementor-heading-title elementor-size-default\">Codes PNCA<\/h2>\t\t\t\t<\/div>\n\t\t\t\t<\/div>\n\t\t\t\t\t<\/div>\n\t\t<\/div>\n\t\t\t\t\t<\/div>\n\t\t<\/section>\n\t\t\t\t<section class=\"elementor-section elementor-top-section elementor-element elementor-element-00bc32d elementor-section-boxed elementor-section-height-default elementor-section-height-default\" data-id=\"00bc32d\" data-element_type=\"section\">\n\t\t\t\t\t\t<div class=\"elementor-container elementor-column-gap-default\">\n\t\t\t\t\t<div class=\"elementor-column elementor-col-100 elementor-top-column elementor-element elementor-element-095686d\" data-id=\"095686d\" data-element_type=\"column\">\n\t\t\t<div class=\"elementor-widget-wrap elementor-element-populated\">\n\t\t\t\t\t\t<div class=\"elementor-element elementor-element-f41210a elementor-widget elementor-widget-text-editor\" data-id=\"f41210a\" data-element_type=\"widget\" data-widget_type=\"text-editor.default\">\n\t\t\t\t<div class=\"elementor-widget-container\">\n\t\t\t\t\t\t\t\t\t<p>PNCA (colonne &#8220;PNCA&#8221;) :<\/p><p>UM (Unmatchable Record)\u00a0: livraison g\u00e9n\u00e9rale, non valide ou sans nom<\/p><p>NM (Non-Matched Record) : adresse valide qui n&#8217;appara\u00eet pas dans la base de donn\u00e9es du PNCA (c&#8217;est-\u00e0-dire que la personne n&#8217;a pas boug\u00e9)<\/p><p>UB (Unapplied Business Match) : Un enregistrement qui correspond \u00e0 un changement d&#8217;entreprise mais qui n&#8217;a pas encore \u00e9t\u00e9 appliqu\u00e9 \u00e0 l&#8217;emploi.<\/p><p>UI (correspondance individuelle non appliqu\u00e9e)\u00a0: un enregistrement correspondant \u00e0 un d\u00e9m\u00e9nagement individuel, mais qui n&#8217;a pas encore \u00e9t\u00e9 appliqu\u00e9 \u00e0 l&#8217;emploi.<\/p><p>UF (Unapplied Family Match): Un enregistrement qui correspond \u00e0 un d\u00e9m\u00e9nagement familial mais qui n&#8217;a pas encore \u00e9t\u00e9 appliqu\u00e9 \u00e0 l&#8217;emploi.<\/p><p>UN (Unapplied Nixie Match) : Un enregistrement qui correspond \u00e0 un enregistrement nixie mais qui n&#8217;a pas encore \u00e9t\u00e9 appliqu\u00e9 au poste.<\/p><p>AB (Applied Business Match)\u00a0: un enregistrement qui correspond \u00e0 un changement d&#8217;entreprise et qui a \u00e9t\u00e9 appliqu\u00e9 \u00e0 l&#8217;emploi.<\/p><p>AI (Applied Individual Match)\u00a0: enregistrement qui correspond \u00e0 un d\u00e9m\u00e9nagement individuel et qui a \u00e9t\u00e9 appliqu\u00e9 \u00e0 l&#8217;emploi.<\/p><p>AF (Applied Family Match)\u00a0: Un enregistrement qui correspond \u00e0 un d\u00e9m\u00e9nagement familial et qui a \u00e9t\u00e9 appliqu\u00e9 \u00e0 l&#8217;emploi.<\/p><p>AN (Applied Nixie Match)\u00a0: un enregistrement correspondant \u00e0 un enregistrement nixie et qui a \u00e9t\u00e9 supprim\u00e9 du travail.<\/p><p>3e\u00a0caract\u00e8res (Canada)\u00a0:<\/p><p>C: La SCP a \u00e9t\u00e9 lanc\u00e9e &#8211; Postes Canada a \u00e9t\u00e9 ajout\u00e9e au dossier du PNCA<\/p><p>U : Conversion rurale \u00e0 urbaine<\/p><p>M: PNCA Moveback &#8211; La personne a d\u00e9m\u00e9nag\u00e9 puis est revenue \u00e0 l&#8217;adresse pr\u00e9c\u00e9dente.<\/p><p>X: Confidentialit\u00e9 &#8211; Aucune documentation, g\u00e9n\u00e9ralement associ\u00e9e aux nixies.<\/p><p>Codes du 3e caract\u00e8re (\u00c9tats-Unis)\u00a0:<\/p><p>B \u2013 D\u00e9m\u00e9nageur possible<\/p><p>C &#8211; Pas de match<\/p><p>P \u2013 D\u00e9plac\u00e9, adresse principale non confirm\u00e9e<\/p><p>Y &#8211; Correspondance, Mid Int manquant dans l&#8217;entr\u00e9e<\/p><p>Z &#8211; Appari\u00e9, Mid Int manquant dans la sortie<\/p><p>F \u2013 D\u00e9m\u00e9nagement \u00e0 l&#8217;\u00e9tranger<\/p><p>G \u2013 Bo\u00eete postale ferm\u00e9e<\/p><p>I \u2013 Nouvelle adresse individuelle<\/p><p>K\u2013 Pas d&#8217;adresse de r\u00e9exp\u00e9dition<\/p><p>M\u2013 D\u00e9m\u00e9nagement familial<\/p><p>O\u2013 D\u00e9m\u00e9nagement d&#8217;entreprise<\/p><p>DNM (colonne &#8220;DNM_CODES&#8221;)\u00a0:<\/p><p>UM (Unmatchable Record)\u00a0: livraison g\u00e9n\u00e9rale, non valide ou sans nom<\/p><p>NM (Non-Matched Record)\u00a0: adresse valide qui n&#8217;appara\u00eet pas dans la base de donn\u00e9es DNM (c&#8217;est-\u00e0-dire que la personne n&#8217;a pas boug\u00e9)<\/p><p>UC (changement non appliqu\u00e9)\u00a0: correspondant \u00e0 DNM mais non purg\u00e9<\/p><p>D\u00e9placer les extras de mise \u00e0 jour (colonne &#8220;MVUP_CODES&#8221;)\u00a0:<br \/>Position des personnages 1 et 2 Liste des personnes d\u00e9c\u00e9d\u00e9es<\/p><p>UD (Unapplied Deceased): Appari\u00e9 \u00e0 la liste des personnes d\u00e9c\u00e9d\u00e9es mais non purg\u00e9<\/p><p>NM (Non-Matched)\u00a0: \u00c9chec de la correspondance avec la liste des personnes d\u00e9c\u00e9d\u00e9es<\/p>\t\t\t\t\t\t\t\t<\/div>\n\t\t\t\t<\/div>\n\t\t\t\t\t<\/div>\n\t\t<\/div>\n\t\t\t\t\t<\/div>\n\t\t<\/section>\n\t\t\t\t<\/div>\n\t\t","protected":false},"excerpt":{"rendered":"<p>Codes PNCA PNCA (colonne &#8220;PNCA&#8221;) : UM (Unmatchable Record)\u00a0: livraison g\u00e9n\u00e9rale, non valide ou sans nom NM (Non-Matched Record) : adresse valide qui n&#8217;appara\u00eet pas dans la base de donn\u00e9es du PNCA (c&#8217;est-\u00e0-dire que la personne n&#8217;a pas boug\u00e9) UB (Unapplied Business Match) : Un enregistrement qui correspond \u00e0 un changement d&#8217;entreprise mais qui n&#8217;a [&hellip;]<\/p>\n","protected":false},"author":2,"featured_media":0,"parent":0,"menu_order":0,"comment_status":"closed","ping_status":"closed","template":"","meta":{"site-sidebar-layout":"no-sidebar","site-content-layout":"page-builder","ast-site-content-layout":"default","site-content-style":"default","site-sidebar-style":"default","ast-global-header-display":"","ast-banner-title-visibility":"","ast-main-header-display":"","ast-hfb-above-header-display":"","ast-hfb-below-header-display":"","ast-hfb-mobile-header-display":"","site-post-title":"disabled","ast-breadcrumbs-content":"","ast-featured-img":"disabled","footer-sml-layout":"","ast-disable-related-posts":"","theme-transparent-header-meta":"","adv-header-id-meta":"","stick-header-meta":"","header-above-stick-meta":"","header-main-stick-meta":"","header-below-stick-meta":"","astra-migrate-meta-layouts":"default","ast-page-background-enabled":"default","ast-page-background-meta":{"desktop":{"background-color":"","background-image":"","background-repeat":"repeat","background-position":"center center","background-size":"auto","background-attachment":"scroll","background-type":"","background-media":"","overlay-type":"","overlay-color":"","overlay-opacity":"","overlay-gradient":""},"tablet":{"background-color":"","background-image":"","background-repeat":"repeat","background-position":"center center","background-size":"auto","background-attachment":"scroll","background-type":"","background-media":"","overlay-type":"","overlay-color":"","overlay-opacity":"","overlay-gradient":""},"mobile":{"background-color":"","background-image":"","background-repeat":"repeat","background-position":"center center","background-size":"auto","background-attachment":"scroll","background-type":"","background-media":"","overlay-type":"","overlay-color":"","overlay-opacity":"","overlay-gradient":""}},"ast-content-background-meta":{"desktop":{"background-color":"var(--ast-global-color-5)","background-image":"","background-repeat":"repeat","background-position":"center center","background-size":"auto","background-attachment":"scroll","background-type":"","background-media":"","overlay-type":"","overlay-color":"","overlay-opacity":"","overlay-gradient":""},"tablet":{"background-color":"var(--ast-global-color-5)","background-image":"","background-repeat":"repeat","background-position":"center center","background-size":"auto","background-attachment":"scroll","background-type":"","background-media":"","overlay-type":"","overlay-color":"","overlay-opacity":"","overlay-gradient":""},"mobile":{"background-color":"var(--ast-global-color-5)","background-image":"","background-repeat":"repeat","background-position":"center center","background-size":"auto","background-attachment":"scroll","background-type":"","background-media":"","overlay-type":"","overlay-color":"","overlay-opacity":"","overlay-gradient":""}},"footnotes":""},"class_list":["post-6090","page","type-page","status-publish","hentry"],"_links":{"self":[{"href":"https:\/\/www.flagshipsoftware.com\/fsweb\/wp-json\/wp\/v2\/pages\/6090","targetHints":{"allow":["GET"]}}],"collection":[{"href":"https:\/\/www.flagshipsoftware.com\/fsweb\/wp-json\/wp\/v2\/pages"}],"about":[{"href":"https:\/\/www.flagshipsoftware.com\/fsweb\/wp-json\/wp\/v2\/types\/page"}],"author":[{"embeddable":true,"href":"https:\/\/www.flagshipsoftware.com\/fsweb\/wp-json\/wp\/v2\/users\/2"}],"replies":[{"embeddable":true,"href":"https:\/\/www.flagshipsoftware.com\/fsweb\/wp-json\/wp\/v2\/comments?post=6090"}],"version-history":[{"count":10,"href":"https:\/\/www.flagshipsoftware.com\/fsweb\/wp-json\/wp\/v2\/pages\/6090\/revisions"}],"predecessor-version":[{"id":6253,"href":"https:\/\/www.flagshipsoftware.com\/fsweb\/wp-json\/wp\/v2\/pages\/6090\/revisions\/6253"}],"wp:attachment":[{"href":"https:\/\/www.flagshipsoftware.com\/fsweb\/wp-json\/wp\/v2\/media?parent=6090"}],"curies":[{"name":"wp","href":"https:\/\/api.w.org\/{rel}","templated":true}]}}