{"id":6112,"date":"2022-07-12T12:52:26","date_gmt":"2022-07-12T16:52:26","guid":{"rendered":"http:\/\/lobster.f\/fsweb\/?page_id=6112"},"modified":"2022-07-12T12:57:25","modified_gmt":"2022-07-12T16:57:25","slug":"trier","status":"publish","type":"page","link":"https:\/\/www.flagshipsoftware.com\/fsweb\/fr\/trier\/","title":{"rendered":"Trier"},"content":{"rendered":"\t\t<div data-elementor-type=\"wp-page\" data-elementor-id=\"6112\" class=\"elementor elementor-6112\" data-elementor-post-type=\"page\">\n\t\t\t\t\t\t<section class=\"elementor-section elementor-top-section elementor-element elementor-element-285d9b1 elementor-section-full_width elementor-section-height-default elementor-section-height-default\" data-id=\"285d9b1\" data-element_type=\"section\" data-e-type=\"section\" data-settings=\"{&quot;shape_divider_top&quot;:&quot;book&quot;}\">\n\t\t\t\t\t<div class=\"elementor-shape elementor-shape-top\" aria-hidden=\"true\" data-negative=\"false\">\n\t\t\t<svg xmlns=\"http:\/\/www.w3.org\/2000\/svg\" viewBox=\"0 0 1000 100\" preserveAspectRatio=\"none\">\n\t<path class=\"elementor-shape-fill\" d=\"M194,99c186.7,0.7,305-78.3,306-97.2c1,18.9,119.3,97.9,306,97.2c114.3-0.3,194,0.3,194,0.3s0-91.7,0-100c0,0,0,0,0-0 L0,0v99.3C0,99.3,79.7,98.7,194,99z\"\/>\n<\/svg>\t\t<\/div>\n\t\t\t\t\t<div class=\"elementor-container elementor-column-gap-default\">\n\t\t\t\t\t<div class=\"elementor-column elementor-col-100 elementor-top-column elementor-element elementor-element-af1bb48\" data-id=\"af1bb48\" data-element_type=\"column\" data-e-type=\"column\">\n\t\t\t<div class=\"elementor-widget-wrap elementor-element-populated\">\n\t\t\t\t\t\t<div class=\"elementor-element elementor-element-2d7dedf elementor-widget elementor-widget-spacer\" data-id=\"2d7dedf\" data-element_type=\"widget\" data-e-type=\"widget\" data-widget_type=\"spacer.default\">\n\t\t\t\t<div class=\"elementor-widget-container\">\n\t\t\t\t\t\t\t<div class=\"elementor-spacer\">\n\t\t\t<div class=\"elementor-spacer-inner\"><\/div>\n\t\t<\/div>\n\t\t\t\t\t\t<\/div>\n\t\t\t\t<\/div>\n\t\t\t\t<div class=\"elementor-element elementor-element-2ece25c elementor-widget elementor-widget-heading\" data-id=\"2ece25c\" data-element_type=\"widget\" data-e-type=\"widget\" data-widget_type=\"heading.default\">\n\t\t\t\t<div class=\"elementor-widget-container\">\n\t\t\t\t\t<h1 class=\"elementor-heading-title elementor-size-default\">Trier<\/h1>\t\t\t\t<\/div>\n\t\t\t\t<\/div>\n\t\t\t\t<div class=\"elementor-element elementor-element-3240c4d elementor-widget elementor-widget-spacer\" data-id=\"3240c4d\" data-element_type=\"widget\" data-e-type=\"widget\" data-widget_type=\"spacer.default\">\n\t\t\t\t<div class=\"elementor-widget-container\">\n\t\t\t\t\t\t\t<div class=\"elementor-spacer\">\n\t\t\t<div class=\"elementor-spacer-inner\"><\/div>\n\t\t<\/div>\n\t\t\t\t\t\t<\/div>\n\t\t\t\t<\/div>\n\t\t\t\t\t<\/div>\n\t\t<\/div>\n\t\t\t\t\t<\/div>\n\t\t<\/section>\n\t\t\t\t<section class=\"elementor-section elementor-top-section elementor-element elementor-element-a940825 elementor-section-boxed elementor-section-height-default elementor-section-height-default\" data-id=\"a940825\" data-element_type=\"section\" data-e-type=\"section\">\n\t\t\t\t\t\t<div class=\"elementor-container elementor-column-gap-default\">\n\t\t\t\t\t<div class=\"elementor-column elementor-col-50 elementor-top-column elementor-element elementor-element-ec24d9d\" data-id=\"ec24d9d\" data-element_type=\"column\" data-e-type=\"column\">\n\t\t\t<div class=\"elementor-widget-wrap elementor-element-populated\">\n\t\t\t\t\t\t<div class=\"elementor-element elementor-element-66d1614 elementor-widget elementor-widget-text-editor\" data-id=\"66d1614\" data-element_type=\"widget\" data-e-type=\"widget\" data-widget_type=\"text-editor.default\">\n\t\t\t\t<div class=\"elementor-widget-container\">\n\t\t\t\t\t\t\t\t\t<p>La fonction de tri effectue un tri pr\u00e9liminaire sur votre travail, en regroupant le courrier par code postal et en pla\u00e7ant le courrier dans des conteneurs selon les besoins, pour profiter des tarifs d&#8217;affranchissement r\u00e9duits. S\u00e9lectionnez \u00ab\u00a0Trier\u00a0\u00bb dans le menu Pr\u00e9-tri.<\/p><p>Lorsque toutes les informations ont \u00e9t\u00e9 correctement saisies, cliquez sur &#8220;Traiter&#8221;.<\/p><p>Si vous effectuez r\u00e9guli\u00e8rement le m\u00eame tri sur un fichier, vous pouvez enregistrer les d\u00e9tails en tant que mod\u00e8le. S\u00e9lectionnez les param\u00e8tres corrects et cliquez sur &#8220;Enregistrer le mod\u00e8le&#8221;.<\/p><p>Palettisation\/ \u00a0Monotaineurs\/ Pile de briques<\/p><p>Des informations suppl\u00e9mentaires sont requises lors de l&#8217;utilisation de palettes, de monoteneurs ou d&#8217;empilements de briques. Vous serez invit\u00e9 \u00e0 entrer les caract\u00e9ristiques de longueur et de largeur de votre envoi si vous choisissez l&#8217;une de ces options.<\/p><p>Recourir \u00e0 un emploi<\/p><p>Si vous souhaitez comparer diff\u00e9rentes m\u00e9thodes de tri pour votre travail, ou si vous avez fait une erreur, vous pouvez s\u00e9lectionner \u00ab D\u00e9trier \u00bb dans le menu Pr\u00e9-tri. Cela vous permettra de recourir \u00e0 votre travail avec diff\u00e9rentes options.<\/p><p>D\u00e9claration de d\u00e9p\u00f4t<\/p><p>Le Rapport de d\u00e9claration de d\u00e9p\u00f4t doit \u00eatre fourni \u00e0 Postes Canada. Il contient toutes les informations requises par Postes Canada pour v\u00e9rifier votre envoi. Apr\u00e8s avoir s\u00e9lectionn\u00e9 ce rapport, vous devez v\u00e9rifier les informations sur l&#8217;entreprise affich\u00e9es. Toutes les modifications que vous apportez \u00e0 cet \u00e9cran sont temporaires. Pour apporter des modifications permanentes aux informations de cet \u00e9cran, vous devez les saisir \u00e0 partir de l&#8217;\u00e9cran Informations sur la soci\u00e9t\u00e9 dans le menu Fichier.<\/p><p>Ce rapport r\u00e9sume les informations sur votre envoi, y compris les donn\u00e9es sp\u00e9cifiques requises par Postes Canada \u00e0 des fins logistiques. Il r\u00e9pertorie \u00e9galement le nombre de lots, de conteneurs et de palettes ou de monoteneurs dans votre travail.<\/p><p>Pi\u00e8ces non cod\u00e9es \u2013 M\u00e9diaposte avec adresse et Poste-publications<\/p><p>Les \u00e9l\u00e9ments non cod\u00e9s d&#8217;un travail M\u00e9diaposte avec adresse ou Poste-publications sont des adresses manquantes d&#8217;un code postalOM\u00a0ou contenant un code postal invalideOM. Ces pi\u00e8ces NE PEUVENT PAS \u00eatre incluses dans votre travail tri\u00e9. Ils peuvent \u00eatre envoy\u00e9s s\u00e9par\u00e9ment par courrier de premi\u00e8re classe ou peuvent \u00eatre compl\u00e8tement supprim\u00e9s de votre travail. Pour exporter les adresses non cod\u00e9es avant de les supprimer de votre travail, s\u00e9lectionnez l&#8217;option Exporter la base de donn\u00e9es du menu Fichier et cliquez sur l&#8217;option Adresse non cod\u00e9e. Pour supprimer les adresses non cod\u00e9es de votre t\u00e2che, cliquez sur le bouton Supprimer les adresses non cod\u00e9es sur l&#8217;\u00e9cran D\u00e9claration de d\u00e9p\u00f4t.<\/p><p>Pi\u00e8ces non cod\u00e9es \u2013 Courrier transactionnel<\/p><p>Les envois non cod\u00e9s d&#8217;un travail Courrier transactionnel (Poste-lettres avec incitation) sont des envois qui n&#8217;\u00e9taient pas admissibles aux tarifs incitatifs en vertu des exigences de densit\u00e9. Ces pi\u00e8ces doivent \u00eatre post\u00e9es \u00e0 des tarifs de premi\u00e8re classe. Vous pouvez exporter ces adresses en utilisant l&#8217;option Exporter la base de donn\u00e9es du menu Fichier et en cliquant sur l&#8217;option Adresses non cod\u00e9es Votre adresse pour l&#8217;impression dans le menu principal et en cliquant sur l&#8217;option Adresses non cod\u00e9es. Si vous choisissez de conserver les adresses non cod\u00e9es dans votre travail, elles seront r\u00e9pertori\u00e9es avant les enregistrements tri\u00e9s.<\/p>\t\t\t\t\t\t\t\t<\/div>\n\t\t\t\t<\/div>\n\t\t\t\t\t<\/div>\n\t\t<\/div>\n\t\t\t\t<div class=\"elementor-column elementor-col-50 elementor-top-column elementor-element elementor-element-40cce00\" data-id=\"40cce00\" data-element_type=\"column\" data-e-type=\"column\">\n\t\t\t<div class=\"elementor-widget-wrap elementor-element-populated\">\n\t\t\t\t\t\t<div class=\"elementor-element elementor-element-dd93f4b elementor-widget elementor-widget-image\" data-id=\"dd93f4b\" data-element_type=\"widget\" data-e-type=\"widget\" data-widget_type=\"image.default\">\n\t\t\t\t<div class=\"elementor-widget-container\">\n\t\t\t\t\t\t\t\t\t\t\t\t\t\t\t<img fetchpriority=\"high\" decoding=\"async\" width=\"300\" height=\"252\" src=\"https:\/\/www.flagshipsoftware.com\/fsweb\/wp-content\/uploads\/2022\/07\/Sort-FR-1.png\" class=\"attachment-medium size-medium wp-image-6114\" alt=\"\" \/>\t\t\t\t\t\t\t\t\t\t\t\t\t\t\t<\/div>\n\t\t\t\t<\/div>\n\t\t\t\t<div class=\"elementor-element elementor-element-9682fb9 elementor-widget elementor-widget-image\" data-id=\"9682fb9\" data-element_type=\"widget\" data-e-type=\"widget\" data-widget_type=\"image.default\">\n\t\t\t\t<div class=\"elementor-widget-container\">\n\t\t\t\t\t\t\t\t\t\t\t\t\t\t\t<img decoding=\"async\" width=\"233\" height=\"300\" src=\"https:\/\/www.flagshipsoftware.com\/fsweb\/wp-content\/uploads\/2022\/07\/Sort-FR-2.png\" class=\"attachment-medium size-medium wp-image-6115\" alt=\"\" \/>\t\t\t\t\t\t\t\t\t\t\t\t\t\t\t<\/div>\n\t\t\t\t<\/div>\n\t\t\t\t<div class=\"elementor-element elementor-element-a64263e elementor-widget elementor-widget-image\" data-id=\"a64263e\" data-element_type=\"widget\" data-e-type=\"widget\" data-widget_type=\"image.default\">\n\t\t\t\t<div class=\"elementor-widget-container\">\n\t\t\t\t\t\t\t\t\t\t\t\t\t\t\t<img decoding=\"async\" width=\"233\" height=\"300\" src=\"https:\/\/www.flagshipsoftware.com\/fsweb\/wp-content\/uploads\/2022\/07\/Sort-FR-3.png\" class=\"attachment-medium size-medium wp-image-6116\" alt=\"\" \/>\t\t\t\t\t\t\t\t\t\t\t\t\t\t\t<\/div>\n\t\t\t\t<\/div>\n\t\t\t\t<div class=\"elementor-element elementor-element-f57d7d1 elementor-widget elementor-widget-image\" data-id=\"f57d7d1\" data-element_type=\"widget\" data-e-type=\"widget\" data-widget_type=\"image.default\">\n\t\t\t\t<div class=\"elementor-widget-container\">\n\t\t\t\t\t\t\t\t\t\t\t\t\t\t\t<img loading=\"lazy\" decoding=\"async\" width=\"233\" height=\"300\" src=\"https:\/\/www.flagshipsoftware.com\/fsweb\/wp-content\/uploads\/2022\/07\/Sort-FR-4.png\" class=\"attachment-medium size-medium wp-image-6117\" alt=\"\" \/>\t\t\t\t\t\t\t\t\t\t\t\t\t\t\t<\/div>\n\t\t\t\t<\/div>\n\t\t\t\t<div class=\"elementor-element elementor-element-c14f7fd elementor-widget elementor-widget-image\" data-id=\"c14f7fd\" data-element_type=\"widget\" data-e-type=\"widget\" data-widget_type=\"image.default\">\n\t\t\t\t<div class=\"elementor-widget-container\">\n\t\t\t\t\t\t\t\t\t\t\t\t\t\t\t<img loading=\"lazy\" decoding=\"async\" width=\"233\" height=\"300\" src=\"https:\/\/www.flagshipsoftware.com\/fsweb\/wp-content\/uploads\/2022\/07\/Sort-FR-5.png\" class=\"attachment-medium size-medium wp-image-6118\" alt=\"\" \/>\t\t\t\t\t\t\t\t\t\t\t\t\t\t\t<\/div>\n\t\t\t\t<\/div>\n\t\t\t\t<div class=\"elementor-element elementor-element-6504811 elementor-widget elementor-widget-image\" data-id=\"6504811\" data-element_type=\"widget\" data-e-type=\"widget\" data-widget_type=\"image.default\">\n\t\t\t\t<div class=\"elementor-widget-container\">\n\t\t\t\t\t\t\t\t\t\t\t\t\t\t\t<img loading=\"lazy\" decoding=\"async\" width=\"768\" height=\"486\" src=\"https:\/\/www.flagshipsoftware.com\/fsweb\/wp-content\/uploads\/2022\/07\/Sort-FR-6.png\" class=\"attachment-medium_large size-medium_large wp-image-6119\" alt=\"\" \/>\t\t\t\t\t\t\t\t\t\t\t\t\t\t\t<\/div>\n\t\t\t\t<\/div>\n\t\t\t\t\t<\/div>\n\t\t<\/div>\n\t\t\t\t\t<\/div>\n\t\t<\/section>\n\t\t\t\t<\/div>\n\t\t","protected":false},"excerpt":{"rendered":"<p>Trier La fonction de tri effectue un tri pr\u00e9liminaire sur votre travail, en regroupant le courrier par code postal et en pla\u00e7ant le courrier dans des conteneurs selon les besoins, pour profiter des tarifs d&#8217;affranchissement r\u00e9duits. S\u00e9lectionnez \u00ab\u00a0Trier\u00a0\u00bb dans le menu Pr\u00e9-tri. Lorsque toutes les informations ont \u00e9t\u00e9 correctement saisies, cliquez sur &#8220;Traiter&#8221;. Si vous [&hellip;]<\/p>\n","protected":false},"author":2,"featured_media":0,"parent":0,"menu_order":0,"comment_status":"closed","ping_status":"closed","template":"elementor_header_footer","meta":{"site-sidebar-layout":"no-sidebar","site-content-layout":"page-builder","ast-site-content-layout":"default","site-content-style":"default","site-sidebar-style":"default","ast-global-header-display":"","ast-banner-title-visibility":"","ast-main-header-display":"","ast-hfb-above-header-display":"","ast-hfb-below-header-display":"","ast-hfb-mobile-header-display":"","site-post-title":"disabled","ast-breadcrumbs-content":"","ast-featured-img":"disabled","footer-sml-layout":"","ast-disable-related-posts":"","theme-transparent-header-meta":"","adv-header-id-meta":"","stick-header-meta":"","header-above-stick-meta":"","header-main-stick-meta":"","header-below-stick-meta":"","astra-migrate-meta-layouts":"default","ast-page-background-enabled":"default","ast-page-background-meta":{"desktop":{"background-color":"","background-image":"","background-repeat":"repeat","background-position":"center center","background-size":"auto","background-attachment":"scroll","background-type":"","background-media":"","overlay-type":"","overlay-color":"","overlay-opacity":"","overlay-gradient":""},"tablet":{"background-color":"","background-image":"","background-repeat":"repeat","background-position":"center center","background-size":"auto","background-attachment":"scroll","background-type":"","background-media":"","overlay-type":"","overlay-color":"","overlay-opacity":"","overlay-gradient":""},"mobile":{"background-color":"","background-image":"","background-repeat":"repeat","background-position":"center center","background-size":"auto","background-attachment":"scroll","background-type":"","background-media":"","overlay-type":"","overlay-color":"","overlay-opacity":"","overlay-gradient":""}},"ast-content-background-meta":{"desktop":{"background-color":"var(--ast-global-color-5)","background-image":"","background-repeat":"repeat","background-position":"center center","background-size":"auto","background-attachment":"scroll","background-type":"","background-media":"","overlay-type":"","overlay-color":"","overlay-opacity":"","overlay-gradient":""},"tablet":{"background-color":"var(--ast-global-color-5)","background-image":"","background-repeat":"repeat","background-position":"center center","background-size":"auto","background-attachment":"scroll","background-type":"","background-media":"","overlay-type":"","overlay-color":"","overlay-opacity":"","overlay-gradient":""},"mobile":{"background-color":"var(--ast-global-color-5)","background-image":"","background-repeat":"repeat","background-position":"center center","background-size":"auto","background-attachment":"scroll","background-type":"","background-media":"","overlay-type":"","overlay-color":"","overlay-opacity":"","overlay-gradient":""}},"footnotes":""},"class_list":["post-6112","page","type-page","status-publish","hentry"],"_links":{"self":[{"href":"https:\/\/www.flagshipsoftware.com\/fsweb\/wp-json\/wp\/v2\/pages\/6112","targetHints":{"allow":["GET"]}}],"collection":[{"href":"https:\/\/www.flagshipsoftware.com\/fsweb\/wp-json\/wp\/v2\/pages"}],"about":[{"href":"https:\/\/www.flagshipsoftware.com\/fsweb\/wp-json\/wp\/v2\/types\/page"}],"author":[{"embeddable":true,"href":"https:\/\/www.flagshipsoftware.com\/fsweb\/wp-json\/wp\/v2\/users\/2"}],"replies":[{"embeddable":true,"href":"https:\/\/www.flagshipsoftware.com\/fsweb\/wp-json\/wp\/v2\/comments?post=6112"}],"version-history":[{"count":4,"href":"https:\/\/www.flagshipsoftware.com\/fsweb\/wp-json\/wp\/v2\/pages\/6112\/revisions"}],"predecessor-version":[{"id":6122,"href":"https:\/\/www.flagshipsoftware.com\/fsweb\/wp-json\/wp\/v2\/pages\/6112\/revisions\/6122"}],"wp:attachment":[{"href":"https:\/\/www.flagshipsoftware.com\/fsweb\/wp-json\/wp\/v2\/media?parent=6112"}],"curies":[{"name":"wp","href":"https:\/\/api.w.org\/{rel}","templated":true}]}}