{"id":6140,"date":"2022-07-12T13:22:48","date_gmt":"2022-07-12T17:22:48","guid":{"rendered":"http:\/\/lobster.f\/fsweb\/?page_id=6140"},"modified":"2022-07-12T13:28:16","modified_gmt":"2022-07-12T17:28:16","slug":"imprimer-les-rapports","status":"publish","type":"page","link":"https:\/\/www.flagshipsoftware.com\/fsweb\/fr\/imprimer-les-rapports\/","title":{"rendered":"Imprimer les rapports"},"content":{"rendered":"\t\t<div data-elementor-type=\"wp-page\" data-elementor-id=\"6140\" class=\"elementor elementor-6140\" data-elementor-post-type=\"page\">\n\t\t\t\t\t\t<section class=\"elementor-section elementor-top-section elementor-element elementor-element-3eae79d elementor-section-full_width elementor-section-height-default elementor-section-height-default\" data-id=\"3eae79d\" data-element_type=\"section\" data-settings=\"{&quot;shape_divider_top&quot;:&quot;book&quot;}\">\n\t\t\t\t\t<div class=\"elementor-shape elementor-shape-top\" aria-hidden=\"true\" data-negative=\"false\">\n\t\t\t<svg xmlns=\"http:\/\/www.w3.org\/2000\/svg\" viewBox=\"0 0 1000 100\" preserveAspectRatio=\"none\">\n\t<path class=\"elementor-shape-fill\" d=\"M194,99c186.7,0.7,305-78.3,306-97.2c1,18.9,119.3,97.9,306,97.2c114.3-0.3,194,0.3,194,0.3s0-91.7,0-100c0,0,0,0,0-0 L0,0v99.3C0,99.3,79.7,98.7,194,99z\"\/>\n<\/svg>\t\t<\/div>\n\t\t\t\t\t<div class=\"elementor-container elementor-column-gap-default\">\n\t\t\t\t\t<div class=\"elementor-column elementor-col-100 elementor-top-column elementor-element elementor-element-099d173\" data-id=\"099d173\" data-element_type=\"column\">\n\t\t\t<div class=\"elementor-widget-wrap elementor-element-populated\">\n\t\t\t\t\t\t<div class=\"elementor-element elementor-element-374aa16 elementor-widget elementor-widget-spacer\" data-id=\"374aa16\" data-element_type=\"widget\" data-widget_type=\"spacer.default\">\n\t\t\t\t<div class=\"elementor-widget-container\">\n\t\t\t\t\t\t\t<div class=\"elementor-spacer\">\n\t\t\t<div class=\"elementor-spacer-inner\"><\/div>\n\t\t<\/div>\n\t\t\t\t\t\t<\/div>\n\t\t\t\t<\/div>\n\t\t\t\t<div class=\"elementor-element elementor-element-cef794e elementor-widget elementor-widget-heading\" data-id=\"cef794e\" data-element_type=\"widget\" data-widget_type=\"heading.default\">\n\t\t\t\t<div class=\"elementor-widget-container\">\n\t\t\t\t\t<h1 class=\"elementor-heading-title elementor-size-default\">Imprimer les rapports<\/h1>\t\t\t\t<\/div>\n\t\t\t\t<\/div>\n\t\t\t\t<div class=\"elementor-element elementor-element-a8ca5be elementor-widget elementor-widget-spacer\" data-id=\"a8ca5be\" data-element_type=\"widget\" data-widget_type=\"spacer.default\">\n\t\t\t\t<div class=\"elementor-widget-container\">\n\t\t\t\t\t\t\t<div class=\"elementor-spacer\">\n\t\t\t<div class=\"elementor-spacer-inner\"><\/div>\n\t\t<\/div>\n\t\t\t\t\t\t<\/div>\n\t\t\t\t<\/div>\n\t\t\t\t\t<\/div>\n\t\t<\/div>\n\t\t\t\t\t<\/div>\n\t\t<\/section>\n\t\t\t\t<section class=\"elementor-section elementor-top-section elementor-element elementor-element-9d56495 elementor-section-boxed elementor-section-height-default elementor-section-height-default\" data-id=\"9d56495\" data-element_type=\"section\">\n\t\t\t\t\t\t<div class=\"elementor-container elementor-column-gap-default\">\n\t\t\t\t\t<div class=\"elementor-column elementor-col-50 elementor-top-column elementor-element elementor-element-a84e5e7\" data-id=\"a84e5e7\" data-element_type=\"column\">\n\t\t\t<div class=\"elementor-widget-wrap elementor-element-populated\">\n\t\t\t\t\t\t<div class=\"elementor-element elementor-element-b048b2c elementor-widget elementor-widget-text-editor\" data-id=\"b048b2c\" data-element_type=\"widget\" data-widget_type=\"text-editor.default\">\n\t\t\t\t<div class=\"elementor-widget-container\">\n\t\t\t\t\t\t\t\t\t<p>Apr\u00e8s avoir ex\u00e9cut\u00e9 la fonction de tri pr\u00e9liminaire, plusieurs rapports sont produits. Plusieurs options sont disponibles pour imprimer ces rapports.<\/p><p>La s\u00e9lection de l&#8217;option Imprimer tous les rapports produira le relev\u00e9 de d\u00e9p\u00f4t, le rapport sur les contenants\/sacs et les liasses, ainsi que le sommaire du volume du bureau de livraison. Ces rapports peuvent \u00e9galement \u00eatre imprim\u00e9s individuellement, en s\u00e9lectionnant le rapport appropri\u00e9 dans le menu Tri pr\u00e9liminaire. Le rapport de validation est inclus sur cet \u00e9cran si vous souhaitez imprimer ou r\u00e9imprimer ce rapport.<\/p><p><strong>D\u00e9claration de d\u00e9p\u00f4t<\/strong><\/p><p>Le Rapport de d\u00e9claration de d\u00e9p\u00f4t est d\u00e9crit en d\u00e9tail dans la section Tri de ce manuel. Toutefois, si vous avez besoin d&#8217;y acc\u00e9der apr\u00e8s votre tri initial, vous pouvez le faire \u00e0 partir de l&#8217;option de menu Tri pr\u00e9liminaire -&gt; D\u00e9claration de d\u00e9p\u00f4t.<\/p><p>Apr\u00e8s avoir ex\u00e9cut\u00e9 la fonction de tri pr\u00e9liminaire, plusieurs rapports sont produits. Plusieurs options sont disponibles pour imprimer ces rapports. La s\u00e9lection de l&#8217;option Imprimer tous les rapports produira le relev\u00e9 de d\u00e9p\u00f4t, le rapport sur les contenants\/sacs et les liasses, ainsi que le sommaire du volume du bureau de livraison. Ces rapports peuvent \u00e9galement \u00eatre imprim\u00e9s individuellement, en s\u00e9lectionnant le rapport appropri\u00e9 dans le menu Tri pr\u00e9liminaire. Le rapport de validation est inclus sur cet \u00e9cran si vous souhaitez imprimer ou r\u00e9imprimer ce rapport.<\/p><p><strong>D\u00e9claration de d\u00e9p\u00f4t<\/strong><\/p><p>Le Rapport de d\u00e9claration de d\u00e9p\u00f4t est d\u00e9crit en d\u00e9tail dans la section Tri de ce manuel. Toutefois, si vous avez besoin d&#8217;y acc\u00e9der apr\u00e8s votre tri initial, vous pouvez le faire \u00e0 partir de l&#8217;option de menu Tri pr\u00e9liminaire -&gt; D\u00e9claration de d\u00e9p\u00f4t.<\/p><p><strong>Le rapport sur les contenants\/sacs et lots<\/strong><\/p><p>Le rapport Conteneur\/sac et paquet contient des informations sur chaque conteneur, sac ou paquet et son contenu. Vous pouvez acc\u00e9der \u00e0 ce rapport \u00e0 partir du menu Tri pr\u00e9liminaire.<\/p><p>Imprimez le rapport en cliquant sur le bouton Imprimer ou enregistrez le rapport dans un fichier texte.<\/p><p>Certaines UVR de Postes Canada exigent ce rapport. Veuillez v\u00e9rifier aupr\u00e8s de votre RVU (bureau de d\u00e9p\u00f4t) local pour ses exigences en mati\u00e8re de d\u00e9claration.<\/p><p>Pour imprimer ce rapport pour vos dossiers, cliquez sur \u00ab\u00a0Imprimer\u00a0\u00bb.<\/p><p><strong>R\u00e9sum\u00e9 du volume de bureau<\/strong><\/p><p>Votre UVR de Postes Canada peut exiger le rapport Sommaire du volume du bureau de livraison. Vous pouvez acc\u00e9der \u00e0 ce rapport \u00e0 partir du menu Tri pr\u00e9liminaire.<\/p><p>Apr\u00e8s avoir ex\u00e9cut\u00e9 la fonction de tri pr\u00e9liminaire, plusieurs rapports sont produits. Plusieurs options sont disponibles pour imprimer ces rapports.<\/p><p>La s\u00e9lection de l&#8217;option Imprimer tous les rapports produira le relev\u00e9 de d\u00e9p\u00f4t, le rapport sur les contenants\/sacs et les liasses, ainsi que le sommaire du volume du bureau de livraison. Ces rapports peuvent \u00e9galement \u00eatre imprim\u00e9s individuellement, en s\u00e9lectionnant le rapport appropri\u00e9 dans le menu Tri pr\u00e9liminaire. Le rapport de validation est inclus sur cet \u00e9cran si vous souhaitez imprimer ou r\u00e9imprimer ce rapport.<\/p><p><strong>D\u00e9claration de d\u00e9p\u00f4t<\/strong><\/p><p>Le Rapport de d\u00e9claration de d\u00e9p\u00f4t est d\u00e9crit en d\u00e9tail dans la section Tri de ce manuel. Toutefois, si vous avez besoin d&#8217;y acc\u00e9der apr\u00e8s votre tri initial, vous pouvez le faire \u00e0 partir de l&#8217;option de menu Tri pr\u00e9liminaire -&gt; D\u00e9claration de d\u00e9p\u00f4t.<\/p><p><strong>Le rapport sur les contenants\/sacs et lots<\/strong><\/p><p>Le rapport Conteneur\/sac et paquet contient des informations sur chaque conteneur, sac ou paquet et son contenu. Vous pouvez acc\u00e9der \u00e0 ce rapport \u00e0 partir du menu Tri pr\u00e9liminaire. Imprimez le rapport en cliquant sur le bouton Imprimer ou enregistrez le rapport dans un fichier texte. Certaines UVR de Postes Canada exigent ce rapport. Veuillez v\u00e9rifier aupr\u00e8s de votre RVU (bureau de d\u00e9p\u00f4t) local pour ses exigences en mati\u00e8re de d\u00e9claration. Pour imprimer ce rapport pour vos dossiers, cliquez sur \u00ab\u00a0Imprimer\u00a0\u00bb.<\/p><p><strong>R\u00e9sum\u00e9 du volume de bureau<\/strong><\/p><p>Votre UVR de Postes Canada peut exiger le rapport Sommaire du volume du bureau de livraison. Vous pouvez acc\u00e9der \u00e0 ce rapport \u00e0 partir du menu Tri pr\u00e9liminaire.<\/p><p><br \/>Il d\u00e9crit la destination des conteneurs ou des sacs dans votre travail. Veuillez v\u00e9rifier aupr\u00e8s de votre RVU (bureau de d\u00e9p\u00f4t) local pour conna\u00eetre leurs exigences en mati\u00e8re de d\u00e9claration.<\/p><p class=\"p_Garamond_subtext\">\u00a0<\/p>\t\t\t\t\t\t\t\t<\/div>\n\t\t\t\t<\/div>\n\t\t\t\t\t<\/div>\n\t\t<\/div>\n\t\t\t\t<div class=\"elementor-column elementor-col-50 elementor-top-column elementor-element elementor-element-53ce52c\" data-id=\"53ce52c\" data-element_type=\"column\">\n\t\t\t<div class=\"elementor-widget-wrap elementor-element-populated\">\n\t\t\t\t\t\t<div class=\"elementor-element elementor-element-3ea5582 elementor-widget elementor-widget-image\" data-id=\"3ea5582\" data-element_type=\"widget\" data-widget_type=\"image.default\">\n\t\t\t\t<div class=\"elementor-widget-container\">\n\t\t\t\t\t\t\t\t\t\t\t\t\t\t\t<img fetchpriority=\"high\" decoding=\"async\" width=\"768\" height=\"646\" src=\"https:\/\/www.flagshipsoftware.com\/fsweb\/wp-content\/uploads\/2022\/07\/Print-All-Reports-FR-1.png\" class=\"attachment-medium_large size-medium_large wp-image-6142\" alt=\"\" \/>\t\t\t\t\t\t\t\t\t\t\t\t\t\t\t<\/div>\n\t\t\t\t<\/div>\n\t\t\t\t<div class=\"elementor-element elementor-element-8a88fb7 elementor-widget elementor-widget-image\" data-id=\"8a88fb7\" data-element_type=\"widget\" data-widget_type=\"image.default\">\n\t\t\t\t<div class=\"elementor-widget-container\">\n\t\t\t\t\t\t\t\t\t\t\t\t\t\t\t<img decoding=\"async\" width=\"1024\" height=\"648\" src=\"https:\/\/www.flagshipsoftware.com\/fsweb\/wp-content\/uploads\/2022\/07\/Print-All-Reports-FR-2.png\" class=\"attachment-large size-large wp-image-6143\" alt=\"\" \/>\t\t\t\t\t\t\t\t\t\t\t\t\t\t\t<\/div>\n\t\t\t\t<\/div>\n\t\t\t\t<div class=\"elementor-element elementor-element-35d502f elementor-widget elementor-widget-image\" data-id=\"35d502f\" data-element_type=\"widget\" data-widget_type=\"image.default\">\n\t\t\t\t<div class=\"elementor-widget-container\">\n\t\t\t\t\t\t\t\t\t\t\t\t\t\t\t<img decoding=\"async\" width=\"768\" height=\"504\" src=\"https:\/\/www.flagshipsoftware.com\/fsweb\/wp-content\/uploads\/2022\/07\/Print-All-Reports-FR-3.png\" class=\"attachment-medium_large size-medium_large wp-image-6144\" alt=\"\" \/>\t\t\t\t\t\t\t\t\t\t\t\t\t\t\t<\/div>\n\t\t\t\t<\/div>\n\t\t\t\t<div class=\"elementor-element elementor-element-70b5d38 elementor-widget elementor-widget-image\" data-id=\"70b5d38\" data-element_type=\"widget\" data-widget_type=\"image.default\">\n\t\t\t\t<div class=\"elementor-widget-container\">\n\t\t\t\t\t\t\t\t\t\t\t\t\t\t\t<img loading=\"lazy\" decoding=\"async\" width=\"875\" height=\"675\" src=\"https:\/\/www.flagshipsoftware.com\/fsweb\/wp-content\/uploads\/2022\/07\/Print-All-Reports-FR-4.png\" class=\"attachment-large size-large wp-image-6145\" alt=\"\" \/>\t\t\t\t\t\t\t\t\t\t\t\t\t\t\t<\/div>\n\t\t\t\t<\/div>\n\t\t\t\t\t<\/div>\n\t\t<\/div>\n\t\t\t\t\t<\/div>\n\t\t<\/section>\n\t\t\t\t<\/div>\n\t\t","protected":false},"excerpt":{"rendered":"<p>Imprimer les rapports Apr\u00e8s avoir ex\u00e9cut\u00e9 la fonction de tri pr\u00e9liminaire, plusieurs rapports sont produits. Plusieurs options sont disponibles pour imprimer ces rapports. La s\u00e9lection de l&#8217;option Imprimer tous les rapports produira le relev\u00e9 de d\u00e9p\u00f4t, le rapport sur les contenants\/sacs et les liasses, ainsi que le sommaire du volume du bureau de livraison. Ces [&hellip;]<\/p>\n","protected":false},"author":2,"featured_media":0,"parent":0,"menu_order":0,"comment_status":"closed","ping_status":"closed","template":"elementor_header_footer","meta":{"site-sidebar-layout":"no-sidebar","site-content-layout":"page-builder","ast-site-content-layout":"default","site-content-style":"default","site-sidebar-style":"default","ast-global-header-display":"","ast-banner-title-visibility":"","ast-main-header-display":"","ast-hfb-above-header-display":"","ast-hfb-below-header-display":"","ast-hfb-mobile-header-display":"","site-post-title":"disabled","ast-breadcrumbs-content":"","ast-featured-img":"disabled","footer-sml-layout":"","ast-disable-related-posts":"","theme-transparent-header-meta":"","adv-header-id-meta":"","stick-header-meta":"","header-above-stick-meta":"","header-main-stick-meta":"","header-below-stick-meta":"","astra-migrate-meta-layouts":"default","ast-page-background-enabled":"default","ast-page-background-meta":{"desktop":{"background-color":"","background-image":"","background-repeat":"repeat","background-position":"center center","background-size":"auto","background-attachment":"scroll","background-type":"","background-media":"","overlay-type":"","overlay-color":"","overlay-opacity":"","overlay-gradient":""},"tablet":{"background-color":"","background-image":"","background-repeat":"repeat","background-position":"center center","background-size":"auto","background-attachment":"scroll","background-type":"","background-media":"","overlay-type":"","overlay-color":"","overlay-opacity":"","overlay-gradient":""},"mobile":{"background-color":"","background-image":"","background-repeat":"repeat","background-position":"center center","background-size":"auto","background-attachment":"scroll","background-type":"","background-media":"","overlay-type":"","overlay-color":"","overlay-opacity":"","overlay-gradient":""}},"ast-content-background-meta":{"desktop":{"background-color":"var(--ast-global-color-5)","background-image":"","background-repeat":"repeat","background-position":"center center","background-size":"auto","background-attachment":"scroll","background-type":"","background-media":"","overlay-type":"","overlay-color":"","overlay-opacity":"","overlay-gradient":""},"tablet":{"background-color":"var(--ast-global-color-5)","background-image":"","background-repeat":"repeat","background-position":"center center","background-size":"auto","background-attachment":"scroll","background-type":"","background-media":"","overlay-type":"","overlay-color":"","overlay-opacity":"","overlay-gradient":""},"mobile":{"background-color":"var(--ast-global-color-5)","background-image":"","background-repeat":"repeat","background-position":"center center","background-size":"auto","background-attachment":"scroll","background-type":"","background-media":"","overlay-type":"","overlay-color":"","overlay-opacity":"","overlay-gradient":""}},"footnotes":""},"class_list":["post-6140","page","type-page","status-publish","hentry"],"_links":{"self":[{"href":"https:\/\/www.flagshipsoftware.com\/fsweb\/wp-json\/wp\/v2\/pages\/6140","targetHints":{"allow":["GET"]}}],"collection":[{"href":"https:\/\/www.flagshipsoftware.com\/fsweb\/wp-json\/wp\/v2\/pages"}],"about":[{"href":"https:\/\/www.flagshipsoftware.com\/fsweb\/wp-json\/wp\/v2\/types\/page"}],"author":[{"embeddable":true,"href":"https:\/\/www.flagshipsoftware.com\/fsweb\/wp-json\/wp\/v2\/users\/2"}],"replies":[{"embeddable":true,"href":"https:\/\/www.flagshipsoftware.com\/fsweb\/wp-json\/wp\/v2\/comments?post=6140"}],"version-history":[{"count":7,"href":"https:\/\/www.flagshipsoftware.com\/fsweb\/wp-json\/wp\/v2\/pages\/6140\/revisions"}],"predecessor-version":[{"id":6151,"href":"https:\/\/www.flagshipsoftware.com\/fsweb\/wp-json\/wp\/v2\/pages\/6140\/revisions\/6151"}],"wp:attachment":[{"href":"https:\/\/www.flagshipsoftware.com\/fsweb\/wp-json\/wp\/v2\/media?parent=6140"}],"curies":[{"name":"wp","href":"https:\/\/api.w.org\/{rel}","templated":true}]}}